{"id":744,"date":"2019-04-29T15:16:30","date_gmt":"2019-04-29T13:16:30","guid":{"rendered":"http:\/\/knopips.pan.pl\/?page_id=744"},"modified":"2026-04-15T15:52:36","modified_gmt":"2026-04-15T13:52:36","slug":"udostepnianie-zbiorow","status":"publish","type":"page","link":"https:\/\/archiwumnauki.pan.pl\/?page_id=744","title":{"rendered":"Udost\u0119pnianie zbior\u00f3w Archiwum Nauki"},"content":{"rendered":"<p style=\"text-align: justify;\">Udost\u0119pnianie zbior\u00f3w Archiwum Nauki Polskiej Akademii Nauk i Polskiej Akademii Umiej\u0119tno\u015bci odbywa si\u0119 zgodnie z <a href=\"https:\/\/archiwumnauki.pan.pl\/wp-content\/uploads\/2025\/04\/Regulamin-Pracowni-Naukowej-AN-PAN-i-PAU.pdf\"><em><strong>Regulaminem korzystania z materia\u0142\u00f3w archiwalnych w <\/strong><strong>Pracowni<\/strong><strong> Naukowej<\/strong><\/em><\/a>, obowi\u0105zuj\u0105cym w aktualnej wersji od 1 stycznia 2025 r.<\/p>\n<p style=\"text-align: justify;\">Materia\u0142y archiwalne udost\u0119pniane s\u0105 w <strong>Pracowni Naukowej Archiwum Nauki PAN i PAU<\/strong>. Czytelnik zobowi\u0105zany jest z\u0142o\u017cy\u0107 <em><strong><a href=\"https:\/\/archiwumnauki.pan.pl\/wp-content\/uploads\/2025\/04\/Zgloszenie-uzytkownika-Zalacznik-nr-1.doc\">Zg\u0142oszenie u\u017cytkownika zasobu archiwalnego<\/a><\/strong>. <\/em>Aktualne godziny otwarcia Pracowni s\u0105 podane poni\u017cej. W celu skorzystania z akt w Pracowni nie jest wymagane wcze\u015bniejsze rezerwowanie wizyty, ale z uwagi na ograniczenia lokalowe czytelnik, kt\u00f3ry nie zarezerwowa\u0142 terminu wizyty, mo\u017ce w przypadku pe\u0142nego ob\u0142o\u017cenia Pracowni nie uzyska\u0107 dost\u0119pu do akt.<\/p>\n<p style=\"text-align: justify;\">Istnieje mo\u017cliwo\u015b\u0107 uzyskania <strong>skan\u00f3w materia\u0142\u00f3w archiwalnych<\/strong> z zasobu Archiwum Nauki PAN i PAU &#8211; zob. <a href=\"https:\/\/archiwumnauki.pan.pl\/?page_id=7191\"><strong>Reprodukcje materia\u0142\u00f3w archiwalnych<\/strong>.<\/a><\/p>\n<hr \/>\n<p style=\"text-align: center;\"><strong>UWAGA!<\/strong><\/p>\n<p style=\"text-align: center;\"><strong>Informujemy, \u017ce Pracownia Naukowa Archiwum b\u0119dzie nieczynna w dniu 22 kwietnia br. (\u015broda).<\/strong><\/p>\n<p style=\"text-align: center;\"><strong>Za wszelkie utrudnienia przepraszamy.<\/strong><\/p>\n<hr \/>\n<table border=\"0\" cellspacing=\"2\" cellpadding=\"2\" align=\"center\">\n<tbody>\n<tr>\n<td width=\"275\"><img decoding=\"async\" class=\"details-image\" draggable=\"false\" src=\"https:\/\/archiwumnauki.pan.pl\/wp-content\/uploads\/2019\/05\/IGP9022-722x1024.jpg\" alt=\"\" \/><\/td>\n<td valign=\"middle\" width=\"303\">\n<table class=\"tab_dane\" style=\"height: 192px; width: 100%;\" border=\"0\" width=\"100%\" cellspacing=\"0\" cellpadding=\"2\">\n<tbody>\n<tr style=\"height: 24px;\">\n<th class=\"row1\" style=\"height: 24px;\" colspan=\"2\">Godziny otwarcia Pracowni:<\/th>\n<\/tr>\n<tr class=\"row2small\" style=\"height: 24px;\">\n<td style=\"height: 24px;\">Poniedzia\u0142ek<\/td>\n<td style=\"height: 24px;\">9:00 &#8211; 12:00<br \/>\n12:30 &#8211; 16:00<\/td>\n<\/tr>\n<tr class=\"row2small\" style=\"height: 24px;\">\n<td style=\"height: 24px;\">Wtorek<\/td>\n<td style=\"height: 24px;\">9:00 &#8211; 12:00<br \/>\n12:30 &#8211; 16:00<\/td>\n<\/tr>\n<tr class=\"row2small\" style=\"height: 24px;\">\n<td style=\"height: 24px;\">\u015aroda<\/td>\n<td style=\"height: 24px;\">9:00 &#8211; 12:00<br \/>\n12:30 &#8211; 16:00<\/td>\n<\/tr>\n<tr class=\"row2small\" style=\"height: 24px;\">\n<td style=\"height: 24px;\">Czwartek<\/td>\n<td style=\"height: 24px;\">nieczynne<\/td>\n<\/tr>\n<tr class=\"row2small\" style=\"height: 24px;\">\n<td style=\"height: 24px;\">Pi\u0105tek<\/td>\n<td style=\"height: 24px;\">nieczynne<\/td>\n<\/tr>\n<tr class=\"row2small\" style=\"height: 24px;\">\n<td style=\"height: 24px;\">Sobota<\/td>\n<td style=\"height: 24px;\">nieczynne<\/td>\n<\/tr>\n<tr class=\"row2small\" style=\"height: 24px;\">\n<td style=\"height: 24px;\">Niedziela<\/td>\n<td style=\"height: 24px;\">nieczynne<\/td>\n<\/tr>\n<\/tbody>\n<\/table>\n<\/td>\n<\/tr>\n<\/tbody>\n<\/table>\n<hr \/>\n<p><strong>INFORMACJE DLA CZYTELNIK\u00d3W:<\/strong><\/p>\n<p style=\"text-align: justify;\">W razie pyta\u0144 lub w celu ustalenia szczeg\u00f3\u0142\u00f3w wizyty w Pracowni Naukowej prosimy o kontakt e-mailowy: <strong>sekretariat.an@archiwumnauki.pan.pl<\/strong>.<\/p>\n<p style=\"text-align: justify;\">UWAGA: Udost\u0119pnianie materia\u0142\u00f3w archiwalnych, wchodz\u0105cych w sk\u0142ad zespo\u0142\u00f3w pochodzenia prywatnego (spu\u015bcizn) mo\u017ce by\u0107 ograniczone m.in. ze wzgl\u0119du na zastrze\u017cenia ze strony ofiarodawc\u00f3w lub ich spadkobierc\u00f3w, stan techniczny materia\u0142\u00f3w lub stan uporz\u0105dkowania danej spu\u015bcizny. Przed wizyt\u0105 w Archiwum prosimy o <a href=\"https:\/\/archiwumnauki.pan.pl\/?page_id=29\">kontakt<\/a>\u00a0mailowy lub telefoniczny.<\/p>\n<hr \/>\n<p>&nbsp;<\/p>\n","protected":false},"excerpt":{"rendered":"<p>Udost\u0119pnianie zbior\u00f3w Archiwum Nauki Polskiej Akademii Nauk i Polskiej Akademii Umiej\u0119tno\u015bci odbywa si\u0119 zgodnie z Regulaminem korzystania z materia\u0142\u00f3w archiwalnych w Pracowni Naukowej, obowi\u0105zuj\u0105cym w aktualnej wersji od 1 stycznia 2025 r. Materia\u0142y archiwalne udost\u0119pniane s\u0105 w Pracowni Naukowej Archiwum Nauki PAN i PAU. Czytelnik zobowi\u0105zany jest z\u0142o\u017cy\u0107 Zg\u0142oszenie u\u017cytkownika zasobu archiwalnego. Aktualne godziny otwarcia &hellip; <\/p>\n<p class=\"read-more\"><a class=\"btn btn-default\" href=\"https:\/\/archiwumnauki.pan.pl\/?page_id=744\"> Read More<span class=\"screen-reader-text\">  Read More<\/span><\/a><\/p>\n","protected":false},"author":55,"featured_media":0,"parent":0,"menu_order":0,"comment_status":"closed","ping_status":"closed","template":"","meta":[],"_links":{"self":[{"href":"https:\/\/archiwumnauki.pan.pl\/index.php?rest_route=\/wp\/v2\/pages\/744"}],"collection":[{"href":"https:\/\/archiwumnauki.pan.pl\/index.php?rest_route=\/wp\/v2\/pages"}],"about":[{"href":"https:\/\/archiwumnauki.pan.pl\/index.php?rest_route=\/wp\/v2\/types\/page"}],"author":[{"embeddable":true,"href":"https:\/\/archiwumnauki.pan.pl\/index.php?rest_route=\/wp\/v2\/users\/55"}],"replies":[{"embeddable":true,"href":"https:\/\/archiwumnauki.pan.pl\/index.php?rest_route=%2Fwp%2Fv2%2Fcomments&post=744"}],"version-history":[{"count":60,"href":"https:\/\/archiwumnauki.pan.pl\/index.php?rest_route=\/wp\/v2\/pages\/744\/revisions"}],"predecessor-version":[{"id":7264,"href":"https:\/\/archiwumnauki.pan.pl\/index.php?rest_route=\/wp\/v2\/pages\/744\/revisions\/7264"}],"wp:attachment":[{"href":"https:\/\/archiwumnauki.pan.pl\/index.php?rest_route=%2Fwp%2Fv2%2Fmedia&parent=744"}],"curies":[{"name":"wp","href":"https:\/\/api.w.org\/{rel}","templated":true}]}}