{"id":5881,"date":"2024-02-02T13:30:59","date_gmt":"2024-02-02T12:30:59","guid":{"rendered":"https:\/\/archiwumnauki.pan.pl\/?page_id=5881"},"modified":"2024-02-02T14:04:34","modified_gmt":"2024-02-02T13:04:34","slug":"archiwum-aktualnosci-2021","status":"publish","type":"page","link":"https:\/\/archiwumnauki.pan.pl\/?page_id=5881","title":{"rendered":"Archiwum aktualno\u015bci &#8211; 2021"},"content":{"rendered":"<table style=\"height: 503px; width: 100%;\">\n<tbody>\n<tr>\n<td style=\"width: 99.5649%;\"><strong>Rok 2021:<\/strong><\/td>\n<\/tr>\n<tr style=\"height: 24px;\">\n<td style=\"width: 99.5649%; height: 24px;\"><a href=\"https:\/\/archiwumnauki.pan.pl\/?p=3324\">Zmiana limit\u00f3w w Pracowni Naukowej<\/a><\/td>\n<\/tr>\n<tr style=\"height: 24px;\">\n<td style=\"width: 99.5649%; height: 24px;\"><a href=\"https:\/\/archiwumnauki.pan.pl\/?p=3311\">Wizyta Konsula Generalnego W\u0119gier w Krakowie w Archiwum Nauki<\/a><\/td>\n<\/tr>\n<tr style=\"height: 24px;\">\n<td style=\"width: 99.5649%; height: 24px;\"><a href=\"https:\/\/archiwumnauki.pan.pl\/?p=3299\">Wernisa\u017c wystawy \u201eW poszukiwaniu pi\u0119kna przyrody. Podr\u00f3\u017ce Walerego Goetla i Piotra Chrz\u0105stowskiego\u201d<\/a><\/td>\n<\/tr>\n<tr style=\"height: 24px;\">\n<td style=\"width: 99.5649%; height: 24px;\"><a href=\"https:\/\/archiwumnauki.pan.pl\/?p=3275\">Go\u015b\u0107 z Czech<\/a><\/td>\n<\/tr>\n<tr style=\"height: 24px;\">\n<td style=\"width: 99.5649%; height: 24px;\"><a href=\"https:\/\/archiwumnauki.pan.pl\/?p=3273\">Dyrektor Archiwum Nauki z wizyt\u0105 na \u0141otwie<\/a><\/td>\n<\/tr>\n<tr style=\"height: 24px;\">\n<td style=\"width: 99.5649%; height: 24px;\"><a href=\"https:\/\/archiwumnauki.pan.pl\/?p=3178\">Zagraniczni go\u015bcie w Archiwum Nauki<\/a><\/td>\n<\/tr>\n<tr style=\"height: 24px;\">\n<td style=\"width: 99.5649%; height: 24px;\"><a href=\"https:\/\/archiwumnauki.pan.pl\/?p=3176\">Spotkanie uczni\u00f3w prof. Henryka Barycza<\/a><\/td>\n<\/tr>\n<tr style=\"height: 24px;\">\n<td style=\"width: 99.5649%; height: 24px;\"><a href=\"https:\/\/archiwumnauki.pan.pl\/?p=3165\">Dyrektorzy Archiwum na konferencji w \u0141a\u0144cucie<\/a><\/td>\n<\/tr>\n<tr style=\"height: 23px;\">\n<td style=\"width: 99.5649%; height: 23px;\"><a href=\"https:\/\/archiwumnauki.pan.pl\/?p=3146\">Delegacja Archiwum Nauki w Pradze<\/a><\/td>\n<\/tr>\n<tr style=\"height: 24px;\">\n<td style=\"width: 99.5649%; height: 24px;\"><a href=\"https:\/\/archiwumnauki.pan.pl\/?p=3253\">Wystawa &#8222;Koperty Pierwszego Dnia Obiegu \u2013 FDC (First Day Cover) z kolekcji Jana Le\u0144ki&#8221;<\/a><\/td>\n<\/tr>\n<tr style=\"height: 24px;\">\n<td style=\"width: 99.5649%; height: 24px;\"><a href=\"https:\/\/archiwumnauki.pan.pl\/?p=3079\">80. rocznica IV masowej deportacji obywateli polskich w g\u0142\u0105b ZSRS<\/a><\/td>\n<\/tr>\n<tr style=\"height: 24px;\">\n<td style=\"width: 99.5649%; height: 24px;\"><a href=\"https:\/\/archiwumnauki.pan.pl\/?p=3061\">Pokaz archiwalny dla student\u00f3w i pracownik\u00f3w Uniwersytetu Pedagogicznego<\/a><\/td>\n<\/tr>\n<tr style=\"height: 24px;\">\n<td style=\"width: 99.5649%; height: 24px;\"><a href=\"https:\/\/archiwumnauki.pan.pl\/?p=3066\">Mi\u0119dzynarodowy Dzie\u0144 Archiw\u00f3w<\/a><\/td>\n<\/tr>\n<tr style=\"height: 24px;\">\n<td style=\"width: 99.5649%; height: 24px;\"><a href=\"https:\/\/archiwumnauki.pan.pl\/?p=3052\">Dyrektor Archiwum Nauki PAN i PAU odwiedza Bu\u0142gari\u0119<\/a><\/td>\n<\/tr>\n<tr style=\"height: 24px;\">\n<td style=\"width: 99.5649%; height: 24px;\"><a href=\"https:\/\/archiwumnauki.pan.pl\/?p=2914\">\u017byczenia Wielkanocne<\/a><\/td>\n<\/tr>\n<tr style=\"height: 24px;\">\n<td style=\"width: 99.5649%; height: 24px;\"><a href=\"https:\/\/archiwumnauki.pan.pl\/?p=2765\">Otwarcie Pracowni Naukowej od dn. 23 lutego 2021<\/a><\/td>\n<\/tr>\n<tr style=\"height: 24px;\">\n<td style=\"width: 99.5649%; height: 24px;\"><a href=\"https:\/\/archiwumnauki.pan.pl\/?p=2872\">Wizyta go\u015bci z Mongolii<\/a><\/td>\n<\/tr>\n<tr style=\"height: 24px;\">\n<td style=\"width: 99.5649%; height: 24px;\"><a href=\"https:\/\/archiwumnauki.pan.pl\/?p=2844\">Wizyta u dra Krzysztofa Wolskiego<\/a><\/td>\n<\/tr>\n<tr style=\"height: 24px;\">\n<td style=\"width: 99.5649%; height: 24px;\"><a href=\"https:\/\/archiwumnauki.pan.pl\/?p=2902\">Spotkanie z prof. Wojciechem Nar\u0119bskim<\/a><\/td>\n<\/tr>\n<tr style=\"height: 24px;\">\n<td style=\"width: 99.5649%; height: 24px;\"><a href=\"https:\/\/archiwumnauki.pan.pl\/?p=2824\">Jubileusz 150-lecia Akademii Umiej\u0119tno\u015bci &#8211; przygotowania<\/a><\/td>\n<\/tr>\n<\/tbody>\n<\/table>\n<p>&nbsp;<\/p>\n","protected":false},"excerpt":{"rendered":"<p>Rok 2021: Zmiana limit\u00f3w w Pracowni Naukowej Wizyta Konsula Generalnego W\u0119gier w Krakowie w Archiwum Nauki Wernisa\u017c wystawy \u201eW poszukiwaniu pi\u0119kna przyrody. Podr\u00f3\u017ce Walerego Goetla i Piotra Chrz\u0105stowskiego\u201d Go\u015b\u0107 z Czech Dyrektor Archiwum Nauki z wizyt\u0105 na \u0141otwie Zagraniczni go\u015bcie w Archiwum Nauki Spotkanie uczni\u00f3w prof. Henryka Barycza Dyrektorzy Archiwum na konferencji w \u0141a\u0144cucie Delegacja &hellip; <\/p>\n<p class=\"read-more\"><a class=\"btn btn-default\" href=\"https:\/\/archiwumnauki.pan.pl\/?page_id=5881\"> Read More<span class=\"screen-reader-text\">  Read More<\/span><\/a><\/p>\n","protected":false},"author":55,"featured_media":0,"parent":0,"menu_order":0,"comment_status":"closed","ping_status":"closed","template":"","meta":[],"_links":{"self":[{"href":"https:\/\/archiwumnauki.pan.pl\/index.php?rest_route=\/wp\/v2\/pages\/5881"}],"collection":[{"href":"https:\/\/archiwumnauki.pan.pl\/index.php?rest_route=\/wp\/v2\/pages"}],"about":[{"href":"https:\/\/archiwumnauki.pan.pl\/index.php?rest_route=\/wp\/v2\/types\/page"}],"author":[{"embeddable":true,"href":"https:\/\/archiwumnauki.pan.pl\/index.php?rest_route=\/wp\/v2\/users\/55"}],"replies":[{"embeddable":true,"href":"https:\/\/archiwumnauki.pan.pl\/index.php?rest_route=%2Fwp%2Fv2%2Fcomments&post=5881"}],"version-history":[{"count":3,"href":"https:\/\/archiwumnauki.pan.pl\/index.php?rest_route=\/wp\/v2\/pages\/5881\/revisions"}],"predecessor-version":[{"id":5897,"href":"https:\/\/archiwumnauki.pan.pl\/index.php?rest_route=\/wp\/v2\/pages\/5881\/revisions\/5897"}],"wp:attachment":[{"href":"https:\/\/archiwumnauki.pan.pl\/index.php?rest_route=%2Fwp%2Fv2%2Fmedia&parent=5881"}],"curies":[{"name":"wp","href":"https:\/\/api.w.org\/{rel}","templated":true}]}}