{"id":5754,"date":"2023-12-21T17:39:54","date_gmt":"2023-12-21T16:39:54","guid":{"rendered":"https:\/\/archiwumnauki.pan.pl\/?page_id=5754"},"modified":"2023-12-21T17:40:01","modified_gmt":"2023-12-21T16:40:01","slug":"materialy-konstantego-grzybowskiego-1901-1970-sygn-k-iii-121","status":"publish","type":"page","link":"https:\/\/archiwumnauki.pan.pl\/?page_id=5754","title":{"rendered":"Materia\u0142y Konstantego Grzybowskiego (1901\u20131970) \u2013 sygn. K III-121"},"content":{"rendered":"<p style=\"text-align: justify;\"><b>Konstanty Grzybowski <\/b>(1901\u20131970) \u2013 prawnik, historyk prawa i doktryn ustrojowych, prof. UJ, cz\u0142onek PAN , dziekan Wydzia\u0142u Prawa UJ, pracownik Instytutu Historii PAN.<\/p>\n<p style=\"text-align: justify;\">Urodzi\u0142 si\u0119 w Zatorze jako syn Stefana, lekarza i burmistrza tej miejscowo\u015bci, a zarazem potomek mieszcza\u0144skiej rodziny Grzybowskich z Krakowa (by\u0142 wnukiem znanego krakowskiego ksi\u0119garza i wydawcy, Franciszka Grzybowskiego).<\/p>\n<p style=\"text-align: justify;\">Studiowa\u0142 prawo w Krakowie oraz Berlinie. Pocz\u0105tkowo pracowa\u0142 jako radca prawny, r\u00f3wnocze\u015bnie rozwijaj\u0105c karier\u0119 naukow\u0105 (doktoryzowa\u0142 si\u0119 w 1927 r., od 1928 wyk\u0142ada\u0142 na UJ, m.in. w Szkole Nauk Politycznych). Grzybowski pr\u00f3bowa\u0142 r\u00f3wnie\u017c dzia\u0142alno\u015bci politycznej (pocz\u0105tkowo zwi\u0105zany ze \u015brodowiskiem tzw. konserwatyst\u00f3w krakowskich, wraz z nim wszed\u0142 do BBWR, pod koniec lat 30. przyst\u0105pi\u0142 do Stronnictwa Demokratycznego, pod okupacj\u0105 nawi\u0105za\u0142 kontakty z lewic\u0105 socjalistyczn\u0105, czego zwie\u0144czeniem by\u0142o wst\u0105pienie do PPS po 1945 r.).<\/p>\n<p style=\"text-align: justify;\">Po wojnie wznowi\u0142 Grzybowski dzia\u0142alno\u015b\u0107 naukow\u0105 na UJ, zostaj\u0105c w 1948 r. dziekanem Wydzia\u0142u Prawa. Od 1962 pracowa\u0142 tak\u017ce w Instytucie Historii PAN. By\u0142 cz\u0142onkiem Akademii oraz licznych krajowych i zagranicznych towarzystw naukowych. Udziela\u0142 si\u0119 r\u00f3wnie\u017c jako publicysta, wsp\u00f3\u0142pracuj\u0105c z wieloma tytu\u0142ami (od \u201eCzasu\u201d po \u201eOdrodzenie\u201d) zar\u00f3wno przed, jak i po wojnie.<\/p>\n<p style=\"text-align: justify;\">Archiwum osobiste Konstantego Grzybowskiego (sygn. K III\u2013121) to oko\u0142o 2,60 mb. akt. Zawiera ono m.in.:<\/p>\n<ul style=\"text-align: justify;\">\n<li>prace tw\u00f3rcy spu\u015bcizny (r\u0119kopisy, maszynopisy, makiety wydawnicze), w tym przede wszystkim prace naukowe i artyku\u0142y publicystyczne (w wi\u0119kszo\u015bci powsta\u0142e po 1945 r.; &#8222;Historia Pa\u0144stwa i Prawa Polski&#8221;, t. IV; &#8222;Historia doktryn politycznych i prawnych od pa\u0144stwa niewolniczego do rewolucyj bur\u017cuazyjnych&#8221;; &#8222;Pi\u0119\u0107dziesi\u0105t lat 1918\u20131968&#8221;; felietony prasowe, m.in. dla &#8222;\u017bycia Literackiego&#8221;; referaty, odczyty; recenzje prac opublikowanych);<\/li>\n<li>materia\u0142y warsztatowe (w tym wypisy \u017ar\u00f3d\u0142owe i z literatury, notatki, wycinki prasowe);<\/li>\n<li>materia\u0142y dzia\u0142alno\u015bci organizacyjno-naukowej, przede wszystkim w Polskiej Akademii Nauk, Polskim Towarzystwie Nauk Politycznych, Soci\u00e9t\u00e9 Jean Bodin, innych towarzystw i instytucji naukowych; materia\u0142y sesji i konferencji naukowyc;<\/li>\n<li>materia\u0142y dzia\u0142alno\u015bci wydawniczej, w tym zwi\u0105zana z publikacj\u0105 &#8222;Historii Pa\u0144stwa i Prawa Polski&#8221;; recenzje i umowy wydawnicze, korespondencja z redakcjami czasopism i wydawnictwami;<\/li>\n<li>recenzje i opinie o pracach naukowych i dorobku naukowym;<\/li>\n<li>w niewielkiej ilo\u015bci zachowa\u0142y si\u0119 materia\u0142y dzia\u0142alno\u015bci dydaktycznej, zawodowej (jako radcy prawnego) i politycznej (m.in. dokumenty zwi\u0105zane ze Stronnictwem Prawicy Narodowej);<\/li>\n<li>materia\u0142y biograficzne (w tym dokumentacja przebiegu pracy zawodowej, nagrody);<\/li>\n<li>korespondencja wp\u0142ywaj\u0105ca;<\/li>\n<li>materia\u0142y o tw\u00f3rcy spu\u015bcizny;<\/li>\n<li>materia\u0142y rodzinne &#8211; dokumenty Wandy Estreicher\u00f3wny (krewnej \u017cony, Krystyny z Estreicher\u00f3w Grzybowskiej);<\/li>\n<li>materia\u0142y os\u00f3b obcych (g\u0142. teksty prac recenzowanych, materia\u0142y zwi\u0105zane z opiniowaniem dorobku naukowego &#8211; autoreferaty, bibliografie os\u00f3b obcych).<\/li>\n<\/ul>\n<p style=\"text-align: justify;\"><em>M. Pir\u00f3g<\/em><\/p>\n","protected":false},"excerpt":{"rendered":"<p>Konstanty Grzybowski (1901\u20131970) \u2013 prawnik, historyk prawa i doktryn ustrojowych, prof. UJ, cz\u0142onek PAN , dziekan Wydzia\u0142u Prawa UJ, pracownik Instytutu Historii PAN. Urodzi\u0142 si\u0119 w Zatorze jako syn Stefana, lekarza i burmistrza tej miejscowo\u015bci, a zarazem potomek mieszcza\u0144skiej rodziny Grzybowskich z Krakowa (by\u0142 wnukiem znanego krakowskiego ksi\u0119garza i wydawcy, Franciszka Grzybowskiego). Studiowa\u0142 prawo w &hellip; <\/p>\n<p class=\"read-more\"><a class=\"btn btn-default\" href=\"https:\/\/archiwumnauki.pan.pl\/?page_id=5754\"> Read More<span class=\"screen-reader-text\">  Read More<\/span><\/a><\/p>\n","protected":false},"author":55,"featured_media":0,"parent":0,"menu_order":0,"comment_status":"closed","ping_status":"closed","template":"","meta":[],"_links":{"self":[{"href":"https:\/\/archiwumnauki.pan.pl\/index.php?rest_route=\/wp\/v2\/pages\/5754"}],"collection":[{"href":"https:\/\/archiwumnauki.pan.pl\/index.php?rest_route=\/wp\/v2\/pages"}],"about":[{"href":"https:\/\/archiwumnauki.pan.pl\/index.php?rest_route=\/wp\/v2\/types\/page"}],"author":[{"embeddable":true,"href":"https:\/\/archiwumnauki.pan.pl\/index.php?rest_route=\/wp\/v2\/users\/55"}],"replies":[{"embeddable":true,"href":"https:\/\/archiwumnauki.pan.pl\/index.php?rest_route=%2Fwp%2Fv2%2Fcomments&post=5754"}],"version-history":[{"count":2,"href":"https:\/\/archiwumnauki.pan.pl\/index.php?rest_route=\/wp\/v2\/pages\/5754\/revisions"}],"predecessor-version":[{"id":5756,"href":"https:\/\/archiwumnauki.pan.pl\/index.php?rest_route=\/wp\/v2\/pages\/5754\/revisions\/5756"}],"wp:attachment":[{"href":"https:\/\/archiwumnauki.pan.pl\/index.php?rest_route=%2Fwp%2Fv2%2Fmedia&parent=5754"}],"curies":[{"name":"wp","href":"https:\/\/api.w.org\/{rel}","templated":true}]}}