{"id":5000,"date":"2023-04-03T16:32:04","date_gmt":"2023-04-03T14:32:04","guid":{"rendered":"https:\/\/archiwumnauki.pan.pl\/?page_id=5000"},"modified":"2023-04-03T16:32:04","modified_gmt":"2023-04-03T14:32:04","slug":"materialy-wieslawa-bienkowskiego-1926-1999-sygn-k-iii-163","status":"publish","type":"page","link":"https:\/\/archiwumnauki.pan.pl\/?page_id=5000","title":{"rendered":"Materia\u0142y Wies\u0142awa Bie\u0144kowskiego (1926\u20131999) \u2013 sygn. K III\u2013163"},"content":{"rendered":"<p><strong>Wies\u0142aw Bie\u0144kowski<\/strong> (1926\u20131999) \u2013 historyk, bibliograf, bibliotekoznawca, prof. UJ, cz\u0142onek PAN i PAU, pracownik Instytutu Historii PAN, cz\u0142onek Towarzystwa Mi\u0142o\u015bnik\u00f3w Historii i Zabytk\u00f3w Krakowa.<\/p>\n<p>Materia\u0142y prof. Wies\u0142awa Bie\u0144kowskiego (sygn. K III\u2013163) obejmuj\u0105 9,22 mb. akt. Zawieraj\u0105 m.in.:<\/p>\n<ul>\n<li>prace tw\u00f3rcy spu\u015bcizny, w tym teksty opracowa\u0144, artyku\u0142\u00f3w, biogram\u00f3w do PSB, recenzje prac, teksty referat\u00f3w i odczyt\u00f3w, materia\u0142y warsztatowe,<\/li>\n<li>materia\u0142y dzia\u0142alno\u015bci organizacyjno-naukowej w Bibliotece Miejskiej w Gda\u0144sku, Polskiej Akademii Nauk (dokumentacja dot. Instytutu Historii PAN oraz Oddzia\u0142u PAN w Krakowie), PAU, UJ oraz towarzystwach naukowych,<\/li>\n<li>materia\u0142y dot. dzia\u0142alno\u015bci naukowej, m.in. udzia\u0142u w konferencjach i sympozjach,<\/li>\n<li>materia\u0142y dot. dzia\u0142alno\u015bci dydaktycznej (Pa\u0144stwowa Wy\u017csza Szko\u0142a Pedagogiczna w Gda\u0144sku, Wy\u017csza Szko\u0142a Ekonomiczna w Krakowie, UJ, Wy\u017csza Szko\u0142a Pedagogiczna w Krakowie),<\/li>\n<li>materia\u0142y dzia\u0142alno\u015bci wydawniczej i redakcyjnej (w tym korespondencja),<\/li>\n<li>materia\u0142y dzia\u0142alno\u015bci w Zwi\u0105zku Nauczycielstwa Polskiego, Towarzystwa Przyjaci\u00f3\u0142 Ksi\u0105\u017cki, Towarzystwa Polsko-Austriackiego, Krakowskiej Rady Stowarzysze\u0144 Kulturalnych,<\/li>\n<li>materia\u0142y biograficzne, w tym \u017cyciorysy, dokumenty osobiste, dokumenty dot. nauki szkolnej i studi\u00f3w, materia\u0142y dot. kariery naukowej i zawodowej, odznaczenia, fotografie,<\/li>\n<li>korespondencja wychodz\u0105ca i wp\u0142ywaj\u0105ca,<\/li>\n<li>materia\u0142y o tw\u00f3rcy spu\u015bcizny (w tym bibliografia i recenzje prac),<\/li>\n<li>materia\u0142y rodzinne (w tym korespondencja cz\u0142onk\u00f3w rodziny),<\/li>\n<li>za\u0142\u0105czniki &#8211; kolekcje (w tym wycinki prasowe, plany miast i mapy, materia\u0142y religijne, albumy z kartami pocztowymi).<\/li>\n<\/ul>\n<p><em>M. Pir\u00f3g<\/em><\/p>\n","protected":false},"excerpt":{"rendered":"<p>Wies\u0142aw Bie\u0144kowski (1926\u20131999) \u2013 historyk, bibliograf, bibliotekoznawca, prof. UJ, cz\u0142onek PAN i PAU, pracownik Instytutu Historii PAN, cz\u0142onek Towarzystwa Mi\u0142o\u015bnik\u00f3w Historii i Zabytk\u00f3w Krakowa. Materia\u0142y prof. Wies\u0142awa Bie\u0144kowskiego (sygn. K III\u2013163) obejmuj\u0105 9,22 mb. akt. Zawieraj\u0105 m.in.: prace tw\u00f3rcy spu\u015bcizny, w tym teksty opracowa\u0144, artyku\u0142\u00f3w, biogram\u00f3w do PSB, recenzje prac, teksty referat\u00f3w i odczyt\u00f3w, materia\u0142y &hellip; <\/p>\n<p class=\"read-more\"><a class=\"btn btn-default\" href=\"https:\/\/archiwumnauki.pan.pl\/?page_id=5000\"> Read More<span class=\"screen-reader-text\">  Read More<\/span><\/a><\/p>\n","protected":false},"author":55,"featured_media":0,"parent":0,"menu_order":0,"comment_status":"closed","ping_status":"closed","template":"","meta":[],"_links":{"self":[{"href":"https:\/\/archiwumnauki.pan.pl\/index.php?rest_route=\/wp\/v2\/pages\/5000"}],"collection":[{"href":"https:\/\/archiwumnauki.pan.pl\/index.php?rest_route=\/wp\/v2\/pages"}],"about":[{"href":"https:\/\/archiwumnauki.pan.pl\/index.php?rest_route=\/wp\/v2\/types\/page"}],"author":[{"embeddable":true,"href":"https:\/\/archiwumnauki.pan.pl\/index.php?rest_route=\/wp\/v2\/users\/55"}],"replies":[{"embeddable":true,"href":"https:\/\/archiwumnauki.pan.pl\/index.php?rest_route=%2Fwp%2Fv2%2Fcomments&post=5000"}],"version-history":[{"count":1,"href":"https:\/\/archiwumnauki.pan.pl\/index.php?rest_route=\/wp\/v2\/pages\/5000\/revisions"}],"predecessor-version":[{"id":5001,"href":"https:\/\/archiwumnauki.pan.pl\/index.php?rest_route=\/wp\/v2\/pages\/5000\/revisions\/5001"}],"wp:attachment":[{"href":"https:\/\/archiwumnauki.pan.pl\/index.php?rest_route=%2Fwp%2Fv2%2Fmedia&parent=5000"}],"curies":[{"name":"wp","href":"https:\/\/api.w.org\/{rel}","templated":true}]}}