{"id":4983,"date":"2023-04-03T14:30:19","date_gmt":"2023-04-03T12:30:19","guid":{"rendered":"https:\/\/archiwumnauki.pan.pl\/?page_id=4983"},"modified":"2023-04-03T14:30:28","modified_gmt":"2023-04-03T12:30:28","slug":"materialy-wincentego-beresniewicza-1897-sygn-k-iii-53","status":"publish","type":"page","link":"https:\/\/archiwumnauki.pan.pl\/?page_id=4983","title":{"rendered":"Materia\u0142y Wincentego Bere\u015bniewicza (1897\u2013 ?) \u2013 sygn. K III\u201353"},"content":{"rendered":"<p style=\"text-align: justify;\"><strong>Wincenty Bere\u015bniewicz (1897 \u2013 ?)<\/strong>, hodowla ro\u015blin. Mgr in\u017c., rolnik.<\/p>\n<ul style=\"text-align: justify;\">\n<li>Prace, artyku\u0142y, t\u0142umaczenia, materia\u0142y warsztatowe dotycz\u0105ce prac do\u015bwiadczalnych i hodowli ro\u015blin rolniczych (m. in. materia\u0142y Stacji Do\u015bwiadczalnej w Hanusowszczy\u017anie), sprawozdania z dzia\u0142alno\u015bci Rolniczego Zak\u0142adu Do\u015bwiadczalnego w Hanusowszczy\u017anie z lat 1928 \u2013 1934.<\/li>\n<li>Materia\u0142y biograficzne: akta personalne, wspomnienia \u201cSpojrzenie wstecz z perspektywy 70 lat\u201d (nie publikowane), korespondencja z l. 1933 \u2013 1973.<\/li>\n<li>Fragment materia\u0142\u00f3w rodzinnych \u017cony Izabelli.<\/li>\n<\/ul>\n<p style=\"text-align: justify;\"><em>Marta P\u0142atek (Tylka)<br \/>\n<\/em><span style=\"font-size: 10pt;\">\u0179r\u00f3d\u0142o: <\/span><em><span style=\"font-size: 10pt;\">Przewodnik po zasobie Archiwum PAN, <\/span><\/em><span style=\"font-size: 10pt;\">praca zbiorowa pod kier. H. Krajewska, A. Kulecka, Warszawa 1999.<\/span><em><br \/>\n<\/em><\/p>\n","protected":false},"excerpt":{"rendered":"<p>Wincenty Bere\u015bniewicz (1897 \u2013 ?), hodowla ro\u015blin. Mgr in\u017c., rolnik. Prace, artyku\u0142y, t\u0142umaczenia, materia\u0142y warsztatowe dotycz\u0105ce prac do\u015bwiadczalnych i hodowli ro\u015blin rolniczych (m. in. materia\u0142y Stacji Do\u015bwiadczalnej w Hanusowszczy\u017anie), sprawozdania z dzia\u0142alno\u015bci Rolniczego Zak\u0142adu Do\u015bwiadczalnego w Hanusowszczy\u017anie z lat 1928 \u2013 1934. Materia\u0142y biograficzne: akta personalne, wspomnienia \u201cSpojrzenie wstecz z perspektywy 70 lat\u201d (nie publikowane), &hellip; <\/p>\n<p class=\"read-more\"><a class=\"btn btn-default\" href=\"https:\/\/archiwumnauki.pan.pl\/?page_id=4983\"> Read More<span class=\"screen-reader-text\">  Read More<\/span><\/a><\/p>\n","protected":false},"author":55,"featured_media":0,"parent":0,"menu_order":0,"comment_status":"closed","ping_status":"closed","template":"","meta":[],"_links":{"self":[{"href":"https:\/\/archiwumnauki.pan.pl\/index.php?rest_route=\/wp\/v2\/pages\/4983"}],"collection":[{"href":"https:\/\/archiwumnauki.pan.pl\/index.php?rest_route=\/wp\/v2\/pages"}],"about":[{"href":"https:\/\/archiwumnauki.pan.pl\/index.php?rest_route=\/wp\/v2\/types\/page"}],"author":[{"embeddable":true,"href":"https:\/\/archiwumnauki.pan.pl\/index.php?rest_route=\/wp\/v2\/users\/55"}],"replies":[{"embeddable":true,"href":"https:\/\/archiwumnauki.pan.pl\/index.php?rest_route=%2Fwp%2Fv2%2Fcomments&post=4983"}],"version-history":[{"count":2,"href":"https:\/\/archiwumnauki.pan.pl\/index.php?rest_route=\/wp\/v2\/pages\/4983\/revisions"}],"predecessor-version":[{"id":4985,"href":"https:\/\/archiwumnauki.pan.pl\/index.php?rest_route=\/wp\/v2\/pages\/4983\/revisions\/4985"}],"wp:attachment":[{"href":"https:\/\/archiwumnauki.pan.pl\/index.php?rest_route=%2Fwp%2Fv2%2Fmedia&parent=4983"}],"curies":[{"name":"wp","href":"https:\/\/api.w.org\/{rel}","templated":true}]}}