{"id":4959,"date":"2023-04-03T13:25:13","date_gmt":"2023-04-03T11:25:13","guid":{"rendered":"https:\/\/archiwumnauki.pan.pl\/?page_id=4959"},"modified":"2023-04-03T13:38:28","modified_gmt":"2023-04-03T11:38:28","slug":"materialy-adama-przybosia-1906-1990-sygn-k-iii-115","status":"publish","type":"page","link":"https:\/\/archiwumnauki.pan.pl\/?page_id=4959","title":{"rendered":"Materia\u0142y Adama Przybosia (1906\u20131990) \u2013 sygn. K III\u2013115"},"content":{"rendered":"<p style=\"text-align: justify;\"><strong>Adam Przybo\u015b<\/strong> (1906\u20131990), historia.<\/p>\n<p style=\"text-align: justify;\">Prof. Wy\u017cszej Szko\u0142y Pedagogicznej w Krakowie, wsp\u00f3\u0142za\u0142o\u017cyciel Podolskiego Towarzystwa Przyjaci\u00f3\u0142 Nauk, cz\u0142onek Polskiego Towarzystwa Historycznego.<\/p>\n<ul style=\"text-align: justify;\">\n<li>Opracowania, w tym nie drukowana monografia Tarnopola 1540 \u2013 1815, artyku\u0142y, referaty, odczyty, m. in. dotycz\u0105ce przesz\u0142o\u015bci Rzeszowa.<\/li>\n<li>Materia\u0142y warsztatowe, m. in. wypisy \u017ar\u00f3d\u0142owe i materia\u0142y do historii Tarnopola, Rzeszowa, postaci biskupa Andrzeja Trzebnickiego, Albrychta Stanis\u0142awa Radziwi\u0142\u0142a, indeks os\u00f3b do t. 3 Volumina Legum.<\/li>\n<li>Materia\u0142y dzia\u0142alno\u015bci pedagogicznej z l. 1930 \u2013 1950 w szko\u0142ach krakowskich (IX Gimnazjum J. Hoene \u2013 Wro\u0144skiego, III Gimnazjum im. Kr\u00f3la Jana Sobieskiego, X Pa\u0144stwowe Liceum i Gimnazjum \u017be\u0144skie im. Kr\u00f3lowej Wandy, Liceum i Gimnazjum H. Sienkiewicza), tarnopolskich (I i II Gimnazjum), rzeszowskich (I Gimnazjum i Liceum im. St. Konarskiego, II Gimnazjum im. St. Sobi\u0144skiego, Prywatne Gimnazjum \u017be\u0144skie, Trzyklasowa Koedukacyjna Szko\u0142a Handlowa TSL) i jako prywatnego nauczyciela Micha\u0142a Boworowskiego.<\/li>\n<li>Materia\u0142y dzia\u0142alno\u015bci organizacyjno \u2013 wydawniczej z l. 1945 \u2013 196? W WSP w Krakowie (katedra Historii Powszechnej), Instytucie Pedagogicznym w Katowicach, Komisji Historycznej i Redakcji PSB Polskiej Akademii Umiej\u0119tno\u015bci, Pracowni Bibliografii Instytutu Historii Polskiej Akademii Nauk.<\/li>\n<li>Materia\u0142y biograficzne z okresu studi\u00f3w w UJ, dzia\u0142alno\u015bci w Kole Historyk\u00f3w UJ, Akademickim Kole Rzeszowiak\u00f3w, Sodalicji.<\/li>\n<li>Bogata korespondencja z l. 1925 \u2013 1990 (m. in. J. Bieniarz\u00f3wna, W. Czapli\u0144ski, W. Dworzaczek, K. Klemensiewicz, W. Konopczy\u0144ski, K. Lepszy, B. Le\u015bnodorski, T. \u0141adog\u00f3rski, w. Serczyk, W. Sierpi\u0144ski, J. Tazbir, M. in. Tyrowicz, K. Wojty\u0142a, J. Woli\u0144ski, Z. W\u00f3jcik).<\/li>\n<\/ul>\n<p style=\"text-align: justify;\"><em>Marta P\u0142atek (Tylka)<br \/>\n<\/em><span style=\"font-size: 10pt;\">\u0179r\u00f3d\u0142o:\u00a0<em>Przewodnik po zasobie Archiwum PAN<\/em>, praca zbiorowa pod kier. H. Krajewska, A. Kulecka, Warszawa 1999.<\/span><\/p>\n<p>&nbsp;<\/p>\n","protected":false},"excerpt":{"rendered":"<p>Adam Przybo\u015b (1906\u20131990), historia. Prof. Wy\u017cszej Szko\u0142y Pedagogicznej w Krakowie, wsp\u00f3\u0142za\u0142o\u017cyciel Podolskiego Towarzystwa Przyjaci\u00f3\u0142 Nauk, cz\u0142onek Polskiego Towarzystwa Historycznego. Opracowania, w tym nie drukowana monografia Tarnopola 1540 \u2013 1815, artyku\u0142y, referaty, odczyty, m. in. dotycz\u0105ce przesz\u0142o\u015bci Rzeszowa. Materia\u0142y warsztatowe, m. in. wypisy \u017ar\u00f3d\u0142owe i materia\u0142y do historii Tarnopola, Rzeszowa, postaci biskupa Andrzeja Trzebnickiego, Albrychta Stanis\u0142awa &hellip; <\/p>\n<p class=\"read-more\"><a class=\"btn btn-default\" href=\"https:\/\/archiwumnauki.pan.pl\/?page_id=4959\"> Read More<span class=\"screen-reader-text\">  Read More<\/span><\/a><\/p>\n","protected":false},"author":55,"featured_media":0,"parent":0,"menu_order":0,"comment_status":"closed","ping_status":"closed","template":"","meta":[],"_links":{"self":[{"href":"https:\/\/archiwumnauki.pan.pl\/index.php?rest_route=\/wp\/v2\/pages\/4959"}],"collection":[{"href":"https:\/\/archiwumnauki.pan.pl\/index.php?rest_route=\/wp\/v2\/pages"}],"about":[{"href":"https:\/\/archiwumnauki.pan.pl\/index.php?rest_route=\/wp\/v2\/types\/page"}],"author":[{"embeddable":true,"href":"https:\/\/archiwumnauki.pan.pl\/index.php?rest_route=\/wp\/v2\/users\/55"}],"replies":[{"embeddable":true,"href":"https:\/\/archiwumnauki.pan.pl\/index.php?rest_route=%2Fwp%2Fv2%2Fcomments&post=4959"}],"version-history":[{"count":3,"href":"https:\/\/archiwumnauki.pan.pl\/index.php?rest_route=\/wp\/v2\/pages\/4959\/revisions"}],"predecessor-version":[{"id":4970,"href":"https:\/\/archiwumnauki.pan.pl\/index.php?rest_route=\/wp\/v2\/pages\/4959\/revisions\/4970"}],"wp:attachment":[{"href":"https:\/\/archiwumnauki.pan.pl\/index.php?rest_route=%2Fwp%2Fv2%2Fmedia&parent=4959"}],"curies":[{"name":"wp","href":"https:\/\/api.w.org\/{rel}","templated":true}]}}