{"id":4861,"date":"2023-03-30T11:13:24","date_gmt":"2023-03-30T09:13:24","guid":{"rendered":"https:\/\/archiwumnauki.pan.pl\/?page_id=4861"},"modified":"2023-03-30T11:21:01","modified_gmt":"2023-03-30T09:21:01","slug":"instytut-matematyczny-oddzial-w-krakowie-sygn-k-ii-2","status":"publish","type":"page","link":"https:\/\/archiwumnauki.pan.pl\/?page_id=4861","title":{"rendered":"Instytut Matematyczny \u2013 Oddzia\u0142 w Krakowie (sygn. K II\u20132)"},"content":{"rendered":"<p>Krakowska pracownia Instytutu Matematycznego PAN powsta\u0142a w 1953 roku.<\/p>\n<p>Akta krakowskiego Oddzia\u0142u Instytutu Matematycznego PAN (sygn. K II\u20132) obejmuj\u0105 0,60 mb. akt (17 j.). Pomoc\u0105 ewidencyjn\u0105 jest spis jednostek.<\/p>\n<p>Zesp\u00f3\u0142 zawiera materia\u0142y krakowskiej Pracowni IM PAN z lat 1949\u20131969, w tym protoko\u0142y, dzienniki podawcze, korespondencj\u0119 dot. spraw naukowych, organizacji zjazd\u00f3w, spraw osobowych, finansowych i gospodarczych, spraw lokalowych, planowania i sprawozdawczo\u015bci.<\/p>\n","protected":false},"excerpt":{"rendered":"<p>Krakowska pracownia Instytutu Matematycznego PAN powsta\u0142a w 1953 roku. Akta krakowskiego Oddzia\u0142u Instytutu Matematycznego PAN (sygn. K II\u20132) obejmuj\u0105 0,60 mb. akt (17 j.). Pomoc\u0105 ewidencyjn\u0105 jest spis jednostek. Zesp\u00f3\u0142 zawiera materia\u0142y krakowskiej Pracowni IM PAN z lat 1949\u20131969, w tym protoko\u0142y, dzienniki podawcze, korespondencj\u0119 dot. spraw naukowych, organizacji zjazd\u00f3w, spraw osobowych, finansowych i gospodarczych, &hellip; <\/p>\n<p class=\"read-more\"><a class=\"btn btn-default\" href=\"https:\/\/archiwumnauki.pan.pl\/?page_id=4861\"> Read More<span class=\"screen-reader-text\">  Read More<\/span><\/a><\/p>\n","protected":false},"author":55,"featured_media":0,"parent":0,"menu_order":0,"comment_status":"closed","ping_status":"closed","template":"","meta":[],"_links":{"self":[{"href":"https:\/\/archiwumnauki.pan.pl\/index.php?rest_route=\/wp\/v2\/pages\/4861"}],"collection":[{"href":"https:\/\/archiwumnauki.pan.pl\/index.php?rest_route=\/wp\/v2\/pages"}],"about":[{"href":"https:\/\/archiwumnauki.pan.pl\/index.php?rest_route=\/wp\/v2\/types\/page"}],"author":[{"embeddable":true,"href":"https:\/\/archiwumnauki.pan.pl\/index.php?rest_route=\/wp\/v2\/users\/55"}],"replies":[{"embeddable":true,"href":"https:\/\/archiwumnauki.pan.pl\/index.php?rest_route=%2Fwp%2Fv2%2Fcomments&post=4861"}],"version-history":[{"count":1,"href":"https:\/\/archiwumnauki.pan.pl\/index.php?rest_route=\/wp\/v2\/pages\/4861\/revisions"}],"predecessor-version":[{"id":4862,"href":"https:\/\/archiwumnauki.pan.pl\/index.php?rest_route=\/wp\/v2\/pages\/4861\/revisions\/4862"}],"wp:attachment":[{"href":"https:\/\/archiwumnauki.pan.pl\/index.php?rest_route=%2Fwp%2Fv2%2Fmedia&parent=4861"}],"curies":[{"name":"wp","href":"https:\/\/api.w.org\/{rel}","templated":true}]}}