{"id":4852,"date":"2023-03-30T09:59:30","date_gmt":"2023-03-30T07:59:30","guid":{"rendered":"https:\/\/archiwumnauki.pan.pl\/?page_id=4852"},"modified":"2023-03-30T10:01:32","modified_gmt":"2023-03-30T08:01:32","slug":"spuscizna-stefana-stobieckiego-1859-1944-sygn-k-iii","status":"publish","type":"page","link":"https:\/\/archiwumnauki.pan.pl\/?page_id=4852","title":{"rendered":"Spu\u015bcizna Stefana Stobieckiego (1859\u20131944) \u2013 sygn. K III\u2013140"},"content":{"rendered":"<p><strong>Stefan Antoni Stobiecki <\/strong>(1859\u20131944) \u2013 entomolog, cz\u0142onek AU\/PAU,<\/p>\n<p>Zainteresowanie entomologiczne rozwija\u0142 ju\u017c w szkole, pod wp\u0142ywem swoich nauczycieli. W 1879\u20131890 prowadzi\u0142 badania fauny Babiej G\u00f3ry dzi\u0119ki stypendium Akademii Umiej\u0119tno\u015bci \u2013 ich wyniki przedstawi\u0142 w artykule, opublikowanym tu\u017c po zdaniu matury. Absolwent Politechniki Lwowskiej (studia w l. 1880\u20131886), w czasie studi\u00f3w zainteresowa\u0142 si\u0119 r\u00f3wnie\u017c paleontologi\u0105. W 1886 zosta\u0142 cz\u0142onkiem Komisji Fizjograficznej PAU i otrzyma\u0142 dzi\u0119ki niej kolejne stypendium naukowe.<\/p>\n<p>Od 1887 pracowa\u0142 w Kolei Karola Ludwika, gdzie m.in. kierowa\u0142 budow\u0105 most\u00f3w. R\u00f3wnolegle do aktywno\u015bci zawodowej rozwija\u0142 dzia\u0142alno\u015b\u0107 naukow\u0105 &#8211; praca przy budowie umo\u017cliwia\u0142a mu badania nad chrz\u0105szczami Beskidu s\u0105deckiego i doliny Popradu. Nast\u0119pnie projektowa\u0142 melioracje wodne &#8211; by\u0142o to kolejne zaj\u0119cie, kt\u00f3re sprzyja\u0142o prowadzeniu bada\u0144 entomologicznych. By\u0142 cz\u0142onkiem i sekretarzem Sekcji Geologicznej Komisji Fizjograficznej AU, zaanga\u017cowa\u0142 si\u0119 spo\u0142ecznie w porz\u0105dkowanie zbior\u00f3w Muzeum Komisji. Propagowa\u0142 ide\u0119 utworzenia Muzeum Przyrodniczego. Przed I Wojn\u0105 \u015awiatow\u0105 odby\u0142 kilka wypraw zagranicznych w celu zdobycia materia\u0142\u00f3w entomologicznych (m.in. W\u0119gry, Dalmacja, Rosja). Pracowa\u0142 przy odbudowie Galicji ze zniszcze\u0144 wojennych, pocz\u0105tkowo w ramach dzia\u0142a\u0144 rz\u0105du Austro-W\u0119gier, nast\u0119pnie w II Rzeczypospolitej. Od 1919 w Krajowym Biurze Melioracyjnym (m.in. jako kierownik ekspozytury w Krakowie), od 1929 inspektor melioracyjny Ministerstwa Rolnictwa. W tym samym roku przeszed\u0142 na emerytur\u0119, w czasie kt\u00f3rej ca\u0142kowicie odda\u0142 si\u0119 pracy naukowe. Zmar\u0142 w 1944 w Tarnowie.<\/p>\n<p>Materia\u0142y Stefana Stobieckiego (sygn. K III\u2013140) stanowi\u0105 0,58 mb. akt. Jest to jedynie cz\u0119\u015b\u0107 spu\u015bcizny uczonego. W ramach opracowania zespo\u0142u wykonany zosta\u0142 inwentarz.<\/p>\n<p>Zesp\u00f3\u0142 K III\u2013140 zawiera:<\/p>\n<ul>\n<li>materia\u0142y tw\u00f3rczo\u015bci (kartoteka do prac o chrz\u0105szczach i pluskwiakach, r\u0119kopis<em> Wykazu pluskwiak\u00f3w zebranych w Galicji zachodniej i \u015brodkowej, <\/em>ilustracje do prac \u0141omnickiego o \u015blimakach mioce\u0144skich Podola),<\/li>\n<li>materia\u0142y biograficzne (autobiografie i \u017cyciorysy, \u015bwiadectwa szkolne z lat 1869\u20131885),<\/li>\n<li>korespondencja wp\u0142ywaj\u0105ca i wychodz\u0105ca,<\/li>\n<li>materia\u0142y rodzinne (rodzic\u00f3w \u2013 Leona i Rozalii Stobieckich, z lat 1838\u20131899).<\/li>\n<\/ul>\n","protected":false},"excerpt":{"rendered":"<p>Stefan Antoni Stobiecki (1859\u20131944) \u2013 entomolog, cz\u0142onek AU\/PAU, Zainteresowanie entomologiczne rozwija\u0142 ju\u017c w szkole, pod wp\u0142ywem swoich nauczycieli. W 1879\u20131890 prowadzi\u0142 badania fauny Babiej G\u00f3ry dzi\u0119ki stypendium Akademii Umiej\u0119tno\u015bci \u2013 ich wyniki przedstawi\u0142 w artykule, opublikowanym tu\u017c po zdaniu matury. Absolwent Politechniki Lwowskiej (studia w l. 1880\u20131886), w czasie studi\u00f3w zainteresowa\u0142 si\u0119 r\u00f3wnie\u017c paleontologi\u0105. W &hellip; <\/p>\n<p class=\"read-more\"><a class=\"btn btn-default\" href=\"https:\/\/archiwumnauki.pan.pl\/?page_id=4852\"> Read More<span class=\"screen-reader-text\">  Read More<\/span><\/a><\/p>\n","protected":false},"author":55,"featured_media":0,"parent":0,"menu_order":0,"comment_status":"closed","ping_status":"closed","template":"","meta":[],"_links":{"self":[{"href":"https:\/\/archiwumnauki.pan.pl\/index.php?rest_route=\/wp\/v2\/pages\/4852"}],"collection":[{"href":"https:\/\/archiwumnauki.pan.pl\/index.php?rest_route=\/wp\/v2\/pages"}],"about":[{"href":"https:\/\/archiwumnauki.pan.pl\/index.php?rest_route=\/wp\/v2\/types\/page"}],"author":[{"embeddable":true,"href":"https:\/\/archiwumnauki.pan.pl\/index.php?rest_route=\/wp\/v2\/users\/55"}],"replies":[{"embeddable":true,"href":"https:\/\/archiwumnauki.pan.pl\/index.php?rest_route=%2Fwp%2Fv2%2Fcomments&post=4852"}],"version-history":[{"count":2,"href":"https:\/\/archiwumnauki.pan.pl\/index.php?rest_route=\/wp\/v2\/pages\/4852\/revisions"}],"predecessor-version":[{"id":4854,"href":"https:\/\/archiwumnauki.pan.pl\/index.php?rest_route=\/wp\/v2\/pages\/4852\/revisions\/4854"}],"wp:attachment":[{"href":"https:\/\/archiwumnauki.pan.pl\/index.php?rest_route=%2Fwp%2Fv2%2Fmedia&parent=4852"}],"curies":[{"name":"wp","href":"https:\/\/api.w.org\/{rel}","templated":true}]}}