{"id":4849,"date":"2023-03-29T17:09:20","date_gmt":"2023-03-29T15:09:20","guid":{"rendered":"https:\/\/archiwumnauki.pan.pl\/?page_id=4849"},"modified":"2023-03-29T17:09:20","modified_gmt":"2023-03-29T15:09:20","slug":"materialy-marian-miesowicza-1907-1992-sygn-k-iii-65","status":"publish","type":"page","link":"https:\/\/archiwumnauki.pan.pl\/?page_id=4849","title":{"rendered":"Materia\u0142y Marian Mi\u0119sowicza (1907\u20131992) \u2013 sygn. K III\u201365"},"content":{"rendered":"<p><strong>Marian Mi\u0119sowicz<\/strong> <strong>(1907\u20131992),<\/strong> fizyka do\u015bwiadczalna. Prof. AGH w Krakowie, cz\u0142onek PAN, cz\u0142onek PAU, dr honoris causa UJ i AGH, wiceprezes PAN, przewodnicz\u0105cy Oddzia\u0142u PAN w Krakowie, pose\u0142 na Sejm PRL.<\/p>\n<ul>\n<li>Materia\u0142y dzia\u0142alno\u015bci politycznej \u2013 g\u0142\u00f3wnie biuletyny i opracowania poselskie oraz korespondencja, g\u0142\u00f3wnie z Zespo\u0142em Poselskim Ziemi Krakowskiej, Komitetem FJN i KW PZPR z l. 1972-1980;<\/li>\n<li>Materia\u0142y dzia\u0142alno\u015bci naukowo-organizacyjnej m. in. w Polskiej Akademii Nauk i Oddziale Polskiej Akademii Nauk w Krakowie, w tym korespondencja urz\u0119dnicza z l. 1969-1980;<\/li>\n<li>Obszerna korespondencja \u2013 g\u0142\u00f3wnie pisma oficjalne z podzi\u0119kowaniami, gratulacjami i \u017cyczeniami z l. 1972-1980.<\/li>\n<\/ul>\n<p><em>Piotr Milczanowski<br \/>\n<\/em><span style=\"font-size: 10pt;\">\u0179r\u00f3d\u0142o:\u00a0<em>Przewodnik po zasobie Archiwum PAN<\/em>, praca zbiorowa pod kier. H. Krajewska, A. Kulecka, Warszawa 1999, s. 384.<\/span><\/p>\n","protected":false},"excerpt":{"rendered":"<p>Marian Mi\u0119sowicz (1907\u20131992), fizyka do\u015bwiadczalna. Prof. AGH w Krakowie, cz\u0142onek PAN, cz\u0142onek PAU, dr honoris causa UJ i AGH, wiceprezes PAN, przewodnicz\u0105cy Oddzia\u0142u PAN w Krakowie, pose\u0142 na Sejm PRL. Materia\u0142y dzia\u0142alno\u015bci politycznej \u2013 g\u0142\u00f3wnie biuletyny i opracowania poselskie oraz korespondencja, g\u0142\u00f3wnie z Zespo\u0142em Poselskim Ziemi Krakowskiej, Komitetem FJN i KW PZPR z l. 1972-1980; &hellip; <\/p>\n<p class=\"read-more\"><a class=\"btn btn-default\" href=\"https:\/\/archiwumnauki.pan.pl\/?page_id=4849\"> Read More<span class=\"screen-reader-text\">  Read More<\/span><\/a><\/p>\n","protected":false},"author":55,"featured_media":0,"parent":0,"menu_order":0,"comment_status":"closed","ping_status":"closed","template":"","meta":[],"_links":{"self":[{"href":"https:\/\/archiwumnauki.pan.pl\/index.php?rest_route=\/wp\/v2\/pages\/4849"}],"collection":[{"href":"https:\/\/archiwumnauki.pan.pl\/index.php?rest_route=\/wp\/v2\/pages"}],"about":[{"href":"https:\/\/archiwumnauki.pan.pl\/index.php?rest_route=\/wp\/v2\/types\/page"}],"author":[{"embeddable":true,"href":"https:\/\/archiwumnauki.pan.pl\/index.php?rest_route=\/wp\/v2\/users\/55"}],"replies":[{"embeddable":true,"href":"https:\/\/archiwumnauki.pan.pl\/index.php?rest_route=%2Fwp%2Fv2%2Fcomments&post=4849"}],"version-history":[{"count":1,"href":"https:\/\/archiwumnauki.pan.pl\/index.php?rest_route=\/wp\/v2\/pages\/4849\/revisions"}],"predecessor-version":[{"id":4850,"href":"https:\/\/archiwumnauki.pan.pl\/index.php?rest_route=\/wp\/v2\/pages\/4849\/revisions\/4850"}],"wp:attachment":[{"href":"https:\/\/archiwumnauki.pan.pl\/index.php?rest_route=%2Fwp%2Fv2%2Fmedia&parent=4849"}],"curies":[{"name":"wp","href":"https:\/\/api.w.org\/{rel}","templated":true}]}}