{"id":4840,"date":"2023-03-29T17:00:04","date_gmt":"2023-03-29T15:00:04","guid":{"rendered":"https:\/\/archiwumnauki.pan.pl\/?page_id=4840"},"modified":"2023-03-29T17:02:32","modified_gmt":"2023-03-29T15:02:32","slug":"materialy-joachima-metallmana-1889-1942-sygn-k-iii-8","status":"publish","type":"page","link":"https:\/\/archiwumnauki.pan.pl\/?page_id=4840","title":{"rendered":"Materia\u0142y Joachima Metallmana (1889\u20131942) \u2013 sygn. K III\u20138"},"content":{"rendered":"<p style=\"text-align: justify;\"><strong>Joachim Metallman<\/strong> (1889\u20131942), filozofia. Doc. UJ.<\/p>\n<ul style=\"text-align: justify;\">\n<li>Kilka rozdzia\u0142\u00f3w II tomu pracy <em>Determinizm nauk przyrodniczych<\/em> oraz trzeci rozdzia\u0142 II cz\u0119\u015bci pracy <em>Wprowadzenie do zagadnie\u0144 filozoficznych<\/em>; teksty wyk\u0142ad\u00f3w z zakresu filozofii\u00a0\u00a0 i filozofii biologii, wyg\u0142aszanych w UJ w latach 1933-1936, 1938 i w Instytucie Pedagogicznym w Katowicach (1937); notatki, szkice, dyspozycje do wyk\u0142ad\u00f3w.<\/li>\n<li>Materia\u0142y warsztatowe: wypisy z literatury, bibliografia, notatki, szkice do <em>Determinizmu nauk przyrodniczych i Wprowadzenia do zagadnie\u0144 filozoficznych,<\/em> artyku\u0142\u00f3w i recenzji oraz do innych zagadnie\u0144 filozoficznych i filozofii przyrody.<\/li>\n<li>Szcz\u0105tek materia\u0142\u00f3w dzia\u0142alno\u015bci pedagogicznej zawieraj\u0105cy pytania egzaminacyjne z filozofii oraz fragmenty materia\u0142\u00f3w z kolokwium (1934\/5).<\/li>\n<\/ul>\n<p style=\"text-align: justify;\"><em>Rita Majkowska<br \/>\n<\/em><span style=\"font-size: 10pt;\">\u0179r\u00f3d\u0142o: <em>Przewodnik po zasobie Archiwum PAN<\/em>, praca zbiorowa pod kier. H. Krajewska, A. Kulecka, Warszawa 1999, s. 383.<\/span><\/p>\n<p style=\"text-align: justify;\">Materia\u0142y filozofa Joachima Metallmana (sygn. K III\u20138) stanowi\u0105 0,12 mb. akt (28 jednostek). Spu\u015bcizna ta zosta\u0142a opracowana przez dr Rit\u0119 Majkowsk\u0105 i posiada inwentarz, opublikowany w &#8222;Biuletynie Archiwum PAN&#8221; nr 14: 1971. Inwentarz ten dost\u0119pny jest on-line pod linkiem: <a href=\"https:\/\/archiwum.pan.pl\/images\/wydawnictwa\/Biuletyn-14.pdf\">https:\/\/archiwum.pan.pl\/images\/wydawnictwa\/Biuletyn-14.pdf<\/a>.<\/p>\n<p>&nbsp;<\/p>\n","protected":false},"excerpt":{"rendered":"<p>Joachim Metallman (1889\u20131942), filozofia. Doc. UJ. Kilka rozdzia\u0142\u00f3w II tomu pracy Determinizm nauk przyrodniczych oraz trzeci rozdzia\u0142 II cz\u0119\u015bci pracy Wprowadzenie do zagadnie\u0144 filozoficznych; teksty wyk\u0142ad\u00f3w z zakresu filozofii\u00a0\u00a0 i filozofii biologii, wyg\u0142aszanych w UJ w latach 1933-1936, 1938 i w Instytucie Pedagogicznym w Katowicach (1937); notatki, szkice, dyspozycje do wyk\u0142ad\u00f3w. Materia\u0142y warsztatowe: wypisy z &hellip; <\/p>\n<p class=\"read-more\"><a class=\"btn btn-default\" href=\"https:\/\/archiwumnauki.pan.pl\/?page_id=4840\"> Read More<span class=\"screen-reader-text\">  Read More<\/span><\/a><\/p>\n","protected":false},"author":55,"featured_media":0,"parent":0,"menu_order":0,"comment_status":"closed","ping_status":"closed","template":"","meta":[],"_links":{"self":[{"href":"https:\/\/archiwumnauki.pan.pl\/index.php?rest_route=\/wp\/v2\/pages\/4840"}],"collection":[{"href":"https:\/\/archiwumnauki.pan.pl\/index.php?rest_route=\/wp\/v2\/pages"}],"about":[{"href":"https:\/\/archiwumnauki.pan.pl\/index.php?rest_route=\/wp\/v2\/types\/page"}],"author":[{"embeddable":true,"href":"https:\/\/archiwumnauki.pan.pl\/index.php?rest_route=\/wp\/v2\/users\/55"}],"replies":[{"embeddable":true,"href":"https:\/\/archiwumnauki.pan.pl\/index.php?rest_route=%2Fwp%2Fv2%2Fcomments&post=4840"}],"version-history":[{"count":2,"href":"https:\/\/archiwumnauki.pan.pl\/index.php?rest_route=\/wp\/v2\/pages\/4840\/revisions"}],"predecessor-version":[{"id":4845,"href":"https:\/\/archiwumnauki.pan.pl\/index.php?rest_route=\/wp\/v2\/pages\/4840\/revisions\/4845"}],"wp:attachment":[{"href":"https:\/\/archiwumnauki.pan.pl\/index.php?rest_route=%2Fwp%2Fv2%2Fmedia&parent=4840"}],"curies":[{"name":"wp","href":"https:\/\/api.w.org\/{rel}","templated":true}]}}