{"id":4765,"date":"2023-03-28T15:35:17","date_gmt":"2023-03-28T13:35:17","guid":{"rendered":"https:\/\/archiwumnauki.pan.pl\/?page_id=4765"},"modified":"2024-05-29T14:39:43","modified_gmt":"2024-05-29T12:39:43","slug":"materialy-polskiego-towarzystwa-jezykoznawczego-sygn-k-i-22","status":"publish","type":"page","link":"https:\/\/archiwumnauki.pan.pl\/?page_id=4765","title":{"rendered":"Materia\u0142y Polskiego Towarzystwa J\u0119zykoznawczego (sygn. K I\u201322)"},"content":{"rendered":"<p style=\"text-align: justify;\"><strong>Polskie Towarzystwo J\u0119zykoznawcze<\/strong> z siedzib\u0105 w Krakowie powsta\u0142o w 1925 roku. Po II wojnie \u015bwiatowej wznowi\u0142o dzia\u0142alno\u015b\u0107 w 1947 roku.<\/p>\n<p style=\"text-align: justify;\">Statuty (1925, 1956, b.d.), protoko\u0142y Walnych Zgromadze\u0144, Zjazd\u00f3w Naukowych i posiedze\u0144 Zarz\u0105du (1925\u20131988). Materia\u0142y Zjazd\u00f3w Naukowych i Walnych zgromadze\u0144 z lat 1947\u20131990, m. in. listy obecno\u015bci, komunikaty, programy, zaproszenia, sprawozdania, korespondencja. Sk\u0142ad i akta posiedze\u0144 Zarz\u0105du (1962<strong>\u2013<\/strong>1990).<\/p>\n<p style=\"text-align: justify;\">Akta cz\u0142onk\u00f3w z lat 1953\u20131978.<\/p>\n<p style=\"text-align: justify;\">Sprawozdania z dzia\u0142alno\u015bci z lat 1957\u20131990. Materia\u0142y dotycz\u0105ce wsp\u00f3\u0142pracy z instytucjami i organizacjami krajowymi i zagranicznymi z lat 1955\u20131989.<\/p>\n<p style=\"text-align: justify;\">Korespondencja dotycz\u0105ca\u00a0<em>Kartoteki bie\u017c\u0105cych prac j\u0119zykoznawczych\u00a0<\/em>(1970\u20131982). Ankieta leksykograficzna (1986\u20131988).<\/p>\n<p style=\"text-align: justify;\">Dokumentacja finansowa, m.in. preliminarze (1951\u20131989), sprawozdania finansowe (1947\u20131990), ksi\u0119gi finansowe (1954\u20131990). Sprawozdania statystyczne (1958\u20131990).<\/p>\n<p style=\"text-align: justify;\">Materia\u0142y zwi\u0105zane z wydawaniem Biuletynu PTJ, w tym plany i sprawozdania wydawnicze, korespondencja Redakcji Biuletynu PTJ z lat 1964\u20131983. Teki wydawnicze i ich fragmenty (Roczniki XVIII\u2013XLII).<\/p>\n<p style=\"text-align: justify;\"><em>Ewa Dziurzy\u0144ska<br \/>\n<\/em><span style=\"font-size: 10pt;\">\u0179r\u00f3d\u0142o:\u00a0<em>Przewodnik po zasobie Archiwum PAN,\u00a0<\/em>praca zbiorowa pod kier. H. Krajewska, A. Kulecka, Warszawa 1999.<\/span><\/p>\n<p>Link do<a href=\"https:\/\/archiwumnauki.pan.pl\/wp-content\/uploads\/2024\/05\/K-I-22-Polskie-Towarzystwo-Jezykoznawcze-1925-1990-inwentarz-akt.pdf\"> inwentarza akt zespo\u0142u PTJ<\/a> (oprac. Ewa Dziurzy\u0144ska, 2021).<\/p>\n","protected":false},"excerpt":{"rendered":"<p>Polskie Towarzystwo J\u0119zykoznawcze z siedzib\u0105 w Krakowie powsta\u0142o w 1925 roku. Po II wojnie \u015bwiatowej wznowi\u0142o dzia\u0142alno\u015b\u0107 w 1947 roku. Statuty (1925, 1956, b.d.), protoko\u0142y Walnych Zgromadze\u0144, Zjazd\u00f3w Naukowych i posiedze\u0144 Zarz\u0105du (1925\u20131988). Materia\u0142y Zjazd\u00f3w Naukowych i Walnych zgromadze\u0144 z lat 1947\u20131990, m. in. listy obecno\u015bci, komunikaty, programy, zaproszenia, sprawozdania, korespondencja. Sk\u0142ad i akta posiedze\u0144 &hellip; <\/p>\n<p class=\"read-more\"><a class=\"btn btn-default\" href=\"https:\/\/archiwumnauki.pan.pl\/?page_id=4765\"> Read More<span class=\"screen-reader-text\">  Read More<\/span><\/a><\/p>\n","protected":false},"author":55,"featured_media":0,"parent":0,"menu_order":0,"comment_status":"closed","ping_status":"closed","template":"","meta":[],"_links":{"self":[{"href":"https:\/\/archiwumnauki.pan.pl\/index.php?rest_route=\/wp\/v2\/pages\/4765"}],"collection":[{"href":"https:\/\/archiwumnauki.pan.pl\/index.php?rest_route=\/wp\/v2\/pages"}],"about":[{"href":"https:\/\/archiwumnauki.pan.pl\/index.php?rest_route=\/wp\/v2\/types\/page"}],"author":[{"embeddable":true,"href":"https:\/\/archiwumnauki.pan.pl\/index.php?rest_route=\/wp\/v2\/users\/55"}],"replies":[{"embeddable":true,"href":"https:\/\/archiwumnauki.pan.pl\/index.php?rest_route=%2Fwp%2Fv2%2Fcomments&post=4765"}],"version-history":[{"count":3,"href":"https:\/\/archiwumnauki.pan.pl\/index.php?rest_route=\/wp\/v2\/pages\/4765\/revisions"}],"predecessor-version":[{"id":6183,"href":"https:\/\/archiwumnauki.pan.pl\/index.php?rest_route=\/wp\/v2\/pages\/4765\/revisions\/6183"}],"wp:attachment":[{"href":"https:\/\/archiwumnauki.pan.pl\/index.php?rest_route=%2Fwp%2Fv2%2Fmedia&parent=4765"}],"curies":[{"name":"wp","href":"https:\/\/api.w.org\/{rel}","templated":true}]}}