{"id":4692,"date":"2023-03-27T08:36:10","date_gmt":"2023-03-27T06:36:10","guid":{"rendered":"https:\/\/archiwumnauki.pan.pl\/?page_id=4692"},"modified":"2023-03-28T17:19:23","modified_gmt":"2023-03-28T15:19:23","slug":"akta-akademii-nauk-lekarskich-sygn-k-i-3","status":"publish","type":"page","link":"https:\/\/archiwumnauki.pan.pl\/?page_id=4692","title":{"rendered":"Akta Akademii Nauk Lekarskich (sygn. K I\u20133)"},"content":{"rendered":"<p style=\"text-align: justify;\">Cz\u0119\u015b\u0107 akt <strong>Akademii Nauk Lekarskich<\/strong> w Warszawie przekazanych Polskiej Akademii Umiej\u0119tno\u015bci po rozwi\u0105zaniu ANL w zwi\u0105zku z utworzeniem Wydzia\u0142u IV Lekarskiego PAU w 1930.<\/p>\n<p style=\"text-align: justify;\">Akta administracyjne: statut, regulamin, protoko\u0142y zebra\u0144 zarz\u0105du (1920\u20131923), protoko\u0142y zebra\u0144 naukowych (1921\u20131923), akta walnych zebra\u0144 (1920\u20131923), korespondencja (1920\u20131926), akta rachunkowe (1921\u20131923).<\/p>\n<p><em>M. P\u0142atek (Tylka)<br \/>\n<\/em><span style=\"font-size: 10pt;\">\u0179r\u00f3d\u0142o:\u00a0<em>Przewodnik po zasobie Archiwum PAN,\u00a0<\/em>praca zbiorowa pod kier. H. Krajewska, A. Kulecka, Warszawa 1999.<\/p>\n<p><\/span><\/p>\n<p><span style=\"font-size: 12pt;\">Materia\u0142y Akademii Nauk Lekarskich stanowi\u0105 0,30 mb. akt (26 j.). Pomoc\u0105 ewidencyjn\u0105 do zespo\u0142u jest spis jednostek, sporz\u0105dzony na podstawie inwentarza kartkowego.<\/span><\/p>\n<p>&nbsp;<\/p>\n","protected":false},"excerpt":{"rendered":"<p>Cz\u0119\u015b\u0107 akt Akademii Nauk Lekarskich w Warszawie przekazanych Polskiej Akademii Umiej\u0119tno\u015bci po rozwi\u0105zaniu ANL w zwi\u0105zku z utworzeniem Wydzia\u0142u IV Lekarskiego PAU w 1930. Akta administracyjne: statut, regulamin, protoko\u0142y zebra\u0144 zarz\u0105du (1920\u20131923), protoko\u0142y zebra\u0144 naukowych (1921\u20131923), akta walnych zebra\u0144 (1920\u20131923), korespondencja (1920\u20131926), akta rachunkowe (1921\u20131923). M. P\u0142atek (Tylka) \u0179r\u00f3d\u0142o:\u00a0Przewodnik po zasobie Archiwum PAN,\u00a0praca zbiorowa pod &hellip; <\/p>\n<p class=\"read-more\"><a class=\"btn btn-default\" href=\"https:\/\/archiwumnauki.pan.pl\/?page_id=4692\"> Read More<span class=\"screen-reader-text\">  Read More<\/span><\/a><\/p>\n","protected":false},"author":27,"featured_media":0,"parent":0,"menu_order":0,"comment_status":"closed","ping_status":"closed","template":"","meta":[],"_links":{"self":[{"href":"https:\/\/archiwumnauki.pan.pl\/index.php?rest_route=\/wp\/v2\/pages\/4692"}],"collection":[{"href":"https:\/\/archiwumnauki.pan.pl\/index.php?rest_route=\/wp\/v2\/pages"}],"about":[{"href":"https:\/\/archiwumnauki.pan.pl\/index.php?rest_route=\/wp\/v2\/types\/page"}],"author":[{"embeddable":true,"href":"https:\/\/archiwumnauki.pan.pl\/index.php?rest_route=\/wp\/v2\/users\/27"}],"replies":[{"embeddable":true,"href":"https:\/\/archiwumnauki.pan.pl\/index.php?rest_route=%2Fwp%2Fv2%2Fcomments&post=4692"}],"version-history":[{"count":6,"href":"https:\/\/archiwumnauki.pan.pl\/index.php?rest_route=\/wp\/v2\/pages\/4692\/revisions"}],"predecessor-version":[{"id":4794,"href":"https:\/\/archiwumnauki.pan.pl\/index.php?rest_route=\/wp\/v2\/pages\/4692\/revisions\/4794"}],"wp:attachment":[{"href":"https:\/\/archiwumnauki.pan.pl\/index.php?rest_route=%2Fwp%2Fv2%2Fmedia&parent=4692"}],"curies":[{"name":"wp","href":"https:\/\/api.w.org\/{rel}","templated":true}]}}