{"id":4549,"date":"2023-03-24T16:04:27","date_gmt":"2023-03-24T15:04:27","guid":{"rendered":"https:\/\/archiwumnauki.pan.pl\/?page_id=4549"},"modified":"2023-03-29T09:52:59","modified_gmt":"2023-03-29T07:52:59","slug":"akta-komitetu-lwowskiego-panstwowej-rady-ochrony-przyrody","status":"publish","type":"page","link":"https:\/\/archiwumnauki.pan.pl\/?page_id=4549","title":{"rendered":"Akta Komitetu Lwowskiego Pa\u0144stwowej Rady Ochrony Przyrody (sygn. K I\u20137)"},"content":{"rendered":"<p style=\"text-align: justify;\">Akta <strong>Lwowskiego Komitetu Pa\u0144stwowej Rady Ochrony Przyrody<\/strong> z l. 1920\u20131939: protoko\u0142y posiedze\u0144 (1930, 1931), materia\u0142y dotycz\u0105ce rezerwat\u00f3w i zabytk\u00f3w przyrody w wojew\u00f3dztwie lwowskim, stanis\u0142awowskim, tarnopolskim i wo\u0142y\u0144skim, opis ekonomiczny rewiru Brzuchowice (1808r.), akt notarialny kupna przez PROP parceli w Przemy\u015blu (1936, 1937), wykaz rezerwat\u00f3w, pisma w\u0142adz niemieckich w sprawie rezerwat\u00f3w w powiatach Brody i Z\u0142ocz\u00f3w (1942).<\/p>\n<p style=\"text-align: justify;\"><em>M. P\u0142atek (Tylka)<br \/>\n<\/em><span style=\"font-size: 10pt;\">\u0179r\u00f3d\u0142o:\u00a0<em>Przewodnik po zasobie Archiwum PAN,\u00a0<\/em>praca zbiorowa pod kier. H. Krajewska, A. Kulecka, Warszawa 1999.<\/span><\/p>\n<p>&nbsp;<\/p>\n<p style=\"text-align: justify;\">Zesp\u00f3\u0142 <strong>Lwowskiego Komitetu Pa\u0144stwowej Rady Ochrony Przyrody <\/strong>(sygn. K I\u20137) zawiera 0,10 mb. akt (6 jednostek). Do Archiwum przekazano r\u00f3wnie\u017c jako pomoc ewidencyjn\u0105 &#8222;Inwentarz zespo\u0142u akt Lwowskiego Komitetu Pa\u0144stwowej Rady Ochrony Przyrody 1920 \u2013 1939&#8221;, kt\u00f3ry zosta\u0142 poddany retrokonwersji w 2018 roku.<\/p>\n<p>Link: <a href=\"https:\/\/archiwumnauki.pan.pl\/wp-content\/uploads\/2023\/03\/K-I\u20137-INWENTARZ-Zespolu-akt-Lwowskiego-Komitetu-Panstwowej-Rady-Ochrony-Przyrody-1920-\u2013-1939-retrokonwersja.pdf\">Inwentarz zespo\u0142u akt Lwowskiego Komitetu Pa\u0144stwowej Rady Ochrony Przyrody 1920 \u2013 1939 \/retrokonwersja\/<\/a><\/p>\n","protected":false},"excerpt":{"rendered":"<p>Akta Lwowskiego Komitetu Pa\u0144stwowej Rady Ochrony Przyrody z l. 1920\u20131939: protoko\u0142y posiedze\u0144 (1930, 1931), materia\u0142y dotycz\u0105ce rezerwat\u00f3w i zabytk\u00f3w przyrody w wojew\u00f3dztwie lwowskim, stanis\u0142awowskim, tarnopolskim i wo\u0142y\u0144skim, opis ekonomiczny rewiru Brzuchowice (1808r.), akt notarialny kupna przez PROP parceli w Przemy\u015blu (1936, 1937), wykaz rezerwat\u00f3w, pisma w\u0142adz niemieckich w sprawie rezerwat\u00f3w w powiatach Brody i Z\u0142ocz\u00f3w &hellip; <\/p>\n<p class=\"read-more\"><a class=\"btn btn-default\" href=\"https:\/\/archiwumnauki.pan.pl\/?page_id=4549\"> Read More<span class=\"screen-reader-text\">  Read More<\/span><\/a><\/p>\n","protected":false},"author":55,"featured_media":0,"parent":0,"menu_order":0,"comment_status":"closed","ping_status":"closed","template":"","meta":[],"_links":{"self":[{"href":"https:\/\/archiwumnauki.pan.pl\/index.php?rest_route=\/wp\/v2\/pages\/4549"}],"collection":[{"href":"https:\/\/archiwumnauki.pan.pl\/index.php?rest_route=\/wp\/v2\/pages"}],"about":[{"href":"https:\/\/archiwumnauki.pan.pl\/index.php?rest_route=\/wp\/v2\/types\/page"}],"author":[{"embeddable":true,"href":"https:\/\/archiwumnauki.pan.pl\/index.php?rest_route=\/wp\/v2\/users\/55"}],"replies":[{"embeddable":true,"href":"https:\/\/archiwumnauki.pan.pl\/index.php?rest_route=%2Fwp%2Fv2%2Fcomments&post=4549"}],"version-history":[{"count":8,"href":"https:\/\/archiwumnauki.pan.pl\/index.php?rest_route=\/wp\/v2\/pages\/4549\/revisions"}],"predecessor-version":[{"id":4806,"href":"https:\/\/archiwumnauki.pan.pl\/index.php?rest_route=\/wp\/v2\/pages\/4549\/revisions\/4806"}],"wp:attachment":[{"href":"https:\/\/archiwumnauki.pan.pl\/index.php?rest_route=%2Fwp%2Fv2%2Fmedia&parent=4549"}],"curies":[{"name":"wp","href":"https:\/\/api.w.org\/{rel}","templated":true}]}}