{"id":4456,"date":"2023-03-23T12:20:07","date_gmt":"2023-03-23T11:20:07","guid":{"rendered":"https:\/\/archiwumnauki.pan.pl\/?page_id=4456"},"modified":"2023-03-30T12:55:12","modified_gmt":"2023-03-30T10:55:12","slug":"akta-instytutu-botaniki-pan-w-krakowie-1952-1967-sygn-k-ii-14","status":"publish","type":"page","link":"https:\/\/archiwumnauki.pan.pl\/?page_id=4456","title":{"rendered":"Akta Instytutu Botaniki PAN w Krakowie (1952\u20131967) \u2013 sygn. K II\u201314"},"content":{"rendered":"<p style=\"text-align: justify;\">Uchwa\u0142\u0105 Prezydium PAN nr 3\/0\/53 z dnia 5 pa\u017adziernika 1953 roku powo\u0142ano Zak\u0142ad Botaniki z siedzib\u0105 w Krakowie zorganizowany na bazie Instytutu Botanicznego Uniwersytetu Jagiello\u0144skiego oraz zbior\u00f3w i wydawnictw (&#8222;Flora Polska&#8221;, &#8222;Atlas Flory Polskiej&#8221;) PAU. Uchwa\u0142\u0105 nr 29\/55 Sekretariatu Naukowego Prezydium PAN zatwierdzon\u0105 uchwa\u0142\u0105 nr 116\/56 Prezydium Rz\u0105du przekszta\u0142cono go w <strong>Instytut Botaniki Polskiej Akademii Nauk w Krakowie<\/strong>.<\/p>\n<p style=\"text-align: justify;\">Zesp\u00f3\u0142 akt Instytutu nosi sygnatur\u0119 K II\u201314 i stanowi ok. 4,50 mb. materia\u0142\u00f3w archiwalnych. Akta pochodz\u0105 z lat 1952\u20131967.<\/p>\n<p style=\"text-align: justify;\">Materia\u0142y Instytutu obejmuj\u0105 m.in. akta zwi\u0105zane z jego powo\u0142aniem, w tym projekty statutu, protoko\u0142y posiedze\u0144 Rady Naukowej w l. 1958\u20131966, roczne plany bud\u017cetowe (1952\u20131964), roczne plany zatrudnienia (1952\u20131961), roczne plany inwestycyjne (1952\u20131958), sprawozdania z dzia\u0142alno\u015bci (1958\u20131966), sprawozdania bud\u017cetowe (1954\u20131960), sprawozdania z gospodarki etatami i funduszami p\u0142ac (1954\u20131967), sprawozdania inwestycyjne (1952\u20131965), sprawozdania statystyczne o stanie zatrudnienia (1956, 1958\u20131967).<\/p>\n<p style=\"text-align: justify;\">Ponadto w sk\u0142ad zespo\u0142u wchodz\u0105 materia\u0142y dotycz\u0105ce spraw osobowych (1954\u20131967), akta zwi\u0105zane z nadawaniem stopni i tytu\u0142\u00f3w naukowych z l. 1952\u20131967, listy p\u0142ac (1957\u20131965), plany bada\u0144 naukowych (1952\u20131967), materia\u0142y obrazuj\u0105ce wsp\u00f3\u0142prac\u0119 z zagranic\u0105 (1956\u20131967), akta dotycz\u0105ce zjazd\u00f3w i konferencji, m.in. programy, zaproszenia i protoko\u0142y (np. konferencji paleobotanicznych organizowanych przez IB PAN w dniach 2\u20133 grudnia 1955 r. i 9\u201310 listopada 1956 r. czy konferencji algologicznej w IB PAN w dniu 3 maja 1957 r.).<\/p>\n<p style=\"text-align: justify;\">W zespole znajduj\u0105 si\u0119 tak\u017ce: korespondencja w sprawie inwestycji z l. 1952\u20131957, dokumentacja projektowo-kosztorysowa dotycz\u0105ca rozbudowy i wyposa\u017cenia IB PAN (1952\u20131967), dokumentacja techniczna budowy IB PAN w Krakowie (1964\u20131968), materia\u0142y dotycz\u0105ce remont\u00f3w kapitalnych (w tym projekty i kosztorysy).<\/p>\n","protected":false},"excerpt":{"rendered":"<p>Uchwa\u0142\u0105 Prezydium PAN nr 3\/0\/53 z dnia 5 pa\u017adziernika 1953 roku powo\u0142ano Zak\u0142ad Botaniki z siedzib\u0105 w Krakowie zorganizowany na bazie Instytutu Botanicznego Uniwersytetu Jagiello\u0144skiego oraz zbior\u00f3w i wydawnictw (&#8222;Flora Polska&#8221;, &#8222;Atlas Flory Polskiej&#8221;) PAU. Uchwa\u0142\u0105 nr 29\/55 Sekretariatu Naukowego Prezydium PAN zatwierdzon\u0105 uchwa\u0142\u0105 nr 116\/56 Prezydium Rz\u0105du przekszta\u0142cono go w Instytut Botaniki Polskiej Akademii &hellip; <\/p>\n<p class=\"read-more\"><a class=\"btn btn-default\" href=\"https:\/\/archiwumnauki.pan.pl\/?page_id=4456\"> Read More<span class=\"screen-reader-text\">  Read More<\/span><\/a><\/p>\n","protected":false},"author":55,"featured_media":0,"parent":0,"menu_order":0,"comment_status":"closed","ping_status":"closed","template":"","meta":[],"_links":{"self":[{"href":"https:\/\/archiwumnauki.pan.pl\/index.php?rest_route=\/wp\/v2\/pages\/4456"}],"collection":[{"href":"https:\/\/archiwumnauki.pan.pl\/index.php?rest_route=\/wp\/v2\/pages"}],"about":[{"href":"https:\/\/archiwumnauki.pan.pl\/index.php?rest_route=\/wp\/v2\/types\/page"}],"author":[{"embeddable":true,"href":"https:\/\/archiwumnauki.pan.pl\/index.php?rest_route=\/wp\/v2\/users\/55"}],"replies":[{"embeddable":true,"href":"https:\/\/archiwumnauki.pan.pl\/index.php?rest_route=%2Fwp%2Fv2%2Fcomments&post=4456"}],"version-history":[{"count":2,"href":"https:\/\/archiwumnauki.pan.pl\/index.php?rest_route=\/wp\/v2\/pages\/4456\/revisions"}],"predecessor-version":[{"id":4858,"href":"https:\/\/archiwumnauki.pan.pl\/index.php?rest_route=\/wp\/v2\/pages\/4456\/revisions\/4858"}],"wp:attachment":[{"href":"https:\/\/archiwumnauki.pan.pl\/index.php?rest_route=%2Fwp%2Fv2%2Fmedia&parent=4456"}],"curies":[{"name":"wp","href":"https:\/\/api.w.org\/{rel}","templated":true}]}}