{"id":4450,"date":"2023-03-23T11:49:43","date_gmt":"2023-03-23T10:49:43","guid":{"rendered":"https:\/\/archiwumnauki.pan.pl\/?page_id=4450"},"modified":"2023-03-30T10:43:59","modified_gmt":"2023-03-30T08:43:59","slug":"akta-biblioteki-pan-w-krakowie-1954-1980-sygn-k-ii-12","status":"publish","type":"page","link":"https:\/\/archiwumnauki.pan.pl\/?page_id=4450","title":{"rendered":"Akta Biblioteki PAN w Krakowie (1954\u20131980) \u2013 sygn. K II\u201312"},"content":{"rendered":"<p style=\"text-align: justify;\"><strong>Biblioteka Polskiej Akademii Nauk w Krakowie<\/strong> zosta\u0142a utworzona uchwa\u0142\u0105 nr 121 Sekretariatu Naukowego Prezydium PAN z dnia 30 grudnia 1952 roku. Na mocy tej decyzji dotychczasowa Biblioteka Polskiej Akademii Umiej\u0119tno\u015bci zosta\u0142a przej\u0119ta i przekszta\u0142cona w pomocnicz\u0105 plac\u00f3wk\u0119 naukow\u0105 przy Prezydium PAN pod nazw\u0105 Biblioteka PAN &#8211; Oddzia\u0142 w Krakowie. Na podstawie statutu zatwierdzonego uchwa\u0142\u0105 Sekretariatu Naukowego PAN z dnia 12 listopada 1968 roku zosta\u0142a Bibliotek\u0105 Oddzia\u0142u PAN w Krakowie. Kolejny statut zatwierdzony decyzj\u0105 Sekretarza Naukowego PAN z 18 grudnia 1975 roku przekszta\u0142ci\u0142 Bibliotek\u0119 w jednostk\u0119 pomocnicz\u0105 o charakterze naukowym pod nazw\u0105 Bibliotek\u0105 PAN w Krakowie. W 1999 r. na mocy porozumienia PAN i PAU zosta\u0142a przekszta\u0142cona w Bibliotek\u0119 Naukow\u0105 PAU i PAN w Krakowie.<\/p>\n<p style=\"text-align: justify;\">Zesp\u00f3\u0142, oznaczony sygnatur\u0105 K II\u201312, zawiera ok. 3,40 mb. akt z lat 1954\u20131980. Materia\u0142y zosta\u0142y przekazane do Archiwum w latach 1981\u20131994.<\/p>\n<p style=\"text-align: justify;\">Zesp\u00f3\u0142 archiwalny zawiera m.in. sprawozdania miesi\u0119czne i kwartalne pracownik\u00f3w Biblioteki z lat 1954\u20131958, 1963\u20131967, zarz\u0105dzenia i ok\u00f3lniki PAN 1969\u20131974, papiery &#8222;Solidarno\u015bci&#8221; 1980, listy p\u0142ac 1954\u20131961, karty wynagrodze\u0144 1954<strong>\u2013<\/strong>1956, umowy o prac\u0119 i o\u015bwiadczenia podatkowe 1953\u20131954, prace zlecone 1954\u20131960, 1962\u20131966, ksi\u0119gi dy\u017cur\u00f3w bibliotecznych 1952\u20131954, 1971\u20131979.<\/p>\n","protected":false},"excerpt":{"rendered":"<p>Biblioteka Polskiej Akademii Nauk w Krakowie zosta\u0142a utworzona uchwa\u0142\u0105 nr 121 Sekretariatu Naukowego Prezydium PAN z dnia 30 grudnia 1952 roku. Na mocy tej decyzji dotychczasowa Biblioteka Polskiej Akademii Umiej\u0119tno\u015bci zosta\u0142a przej\u0119ta i przekszta\u0142cona w pomocnicz\u0105 plac\u00f3wk\u0119 naukow\u0105 przy Prezydium PAN pod nazw\u0105 Biblioteka PAN &#8211; Oddzia\u0142 w Krakowie. Na podstawie statutu zatwierdzonego uchwa\u0142\u0105 Sekretariatu &hellip; <\/p>\n<p class=\"read-more\"><a class=\"btn btn-default\" href=\"https:\/\/archiwumnauki.pan.pl\/?page_id=4450\"> Read More<span class=\"screen-reader-text\">  Read More<\/span><\/a><\/p>\n","protected":false},"author":55,"featured_media":0,"parent":0,"menu_order":0,"comment_status":"closed","ping_status":"closed","template":"","meta":[],"_links":{"self":[{"href":"https:\/\/archiwumnauki.pan.pl\/index.php?rest_route=\/wp\/v2\/pages\/4450"}],"collection":[{"href":"https:\/\/archiwumnauki.pan.pl\/index.php?rest_route=\/wp\/v2\/pages"}],"about":[{"href":"https:\/\/archiwumnauki.pan.pl\/index.php?rest_route=\/wp\/v2\/types\/page"}],"author":[{"embeddable":true,"href":"https:\/\/archiwumnauki.pan.pl\/index.php?rest_route=\/wp\/v2\/users\/55"}],"replies":[{"embeddable":true,"href":"https:\/\/archiwumnauki.pan.pl\/index.php?rest_route=%2Fwp%2Fv2%2Fcomments&post=4450"}],"version-history":[{"count":5,"href":"https:\/\/archiwumnauki.pan.pl\/index.php?rest_route=\/wp\/v2\/pages\/4450\/revisions"}],"predecessor-version":[{"id":4453,"href":"https:\/\/archiwumnauki.pan.pl\/index.php?rest_route=\/wp\/v2\/pages\/4450\/revisions\/4453"}],"wp:attachment":[{"href":"https:\/\/archiwumnauki.pan.pl\/index.php?rest_route=%2Fwp%2Fv2%2Fmedia&parent=4450"}],"curies":[{"name":"wp","href":"https:\/\/api.w.org\/{rel}","templated":true}]}}