{"id":3878,"date":"2022-07-15T23:19:42","date_gmt":"2022-07-15T21:19:42","guid":{"rendered":"https:\/\/archiwumnauki.pan.pl\/?page_id=3878"},"modified":"2024-03-25T14:06:03","modified_gmt":"2024-03-25T13:06:03","slug":"renata-dutkowa-1927-2015-uczona-archiwistka-organizatorka-nauki-22-kwietnia-2022-r","status":"publish","type":"page","link":"https:\/\/archiwumnauki.pan.pl\/?page_id=3878","title":{"rendered":"Renata Dutkowa (1927-2015). Uczona, archiwistka, organizatorka nauki (22 kwietnia 2022 r.)"},"content":{"rendered":"<p style=\"text-align: justify;\">W dniu 22 kwietnia 2022 r. w siedzibie Polskiej Akademii Umiej\u0119tno\u015bci w Krakowie odby\u0142a si\u0119 konferencja pt. \u201eRenata Dutkowa (1927-2015). Uczona, archiwistka, organizatorka nauki\u201d. Wydarzenie &#8211; kolejne z cyklu <em>W s\u0142u\u017cbie nauki<\/em><em> &#8211; <\/em>organizowane by\u0142o przez Archiwum Nauki PAN i PAU, a tak\u017ce Polsk\u0105 Akademi\u0119 Umiej\u0119tno\u015bci oraz Pracowni\u0119 Historii Kultury, Nauki i Edukacji Historycznej Instytutu Historii Uniwersytetu Jagiello\u0144skiego.<\/p>\n<p style=\"text-align: justify;\">Podczas sesji nakre\u015blona zosta\u0142a sylwetka naukowa Pani Profesor, g\u0142\u00f3wne kierunki jej bada\u0144 i charakterystyka jej tw\u00f3rczo\u015bci. Uczestnicy mogli wys\u0142ucha\u0107\u00a0 r\u00f3wnie\u017c bardziej osobistych wyst\u0105pie\u0144 wsp\u00f3\u0142pracownik\u00f3w i uczni\u00f3w Renaty Dutkowej, a tak\u017ce kilku refleksji Agnieszki Dutki \u2013 c\u00f3rki Pani Profesor.<\/p>\n<p><a href=\"https:\/\/archiwumnauki.pan.pl\/wp-content\/uploads\/2022\/04\/IMG_5401-scaled.jpg\"><img decoding=\"async\" loading=\"lazy\" class=\"alignnone wp-image-3519 size-large\" src=\"https:\/\/archiwumnauki.pan.pl\/wp-content\/uploads\/2022\/04\/IMG_5401-1024x683.jpg\" alt=\"\" width=\"640\" height=\"427\" srcset=\"https:\/\/archiwumnauki.pan.pl\/wp-content\/uploads\/2022\/04\/IMG_5401-1024x683.jpg 1024w, https:\/\/archiwumnauki.pan.pl\/wp-content\/uploads\/2022\/04\/IMG_5401-300x200.jpg 300w, https:\/\/archiwumnauki.pan.pl\/wp-content\/uploads\/2022\/04\/IMG_5401-768x512.jpg 768w, https:\/\/archiwumnauki.pan.pl\/wp-content\/uploads\/2022\/04\/IMG_5401-1536x1024.jpg 1536w, https:\/\/archiwumnauki.pan.pl\/wp-content\/uploads\/2022\/04\/IMG_5401-2048x1365.jpg 2048w, https:\/\/archiwumnauki.pan.pl\/wp-content\/uploads\/2022\/04\/IMG_5401-405x270.jpg 405w\" sizes=\"(max-width: 640px) 100vw, 640px\" \/> \u00a0<\/a><a href=\"https:\/\/archiwumnauki.pan.pl\/wp-content\/uploads\/2022\/04\/IMG_5386-scaled.jpg\"><img decoding=\"async\" loading=\"lazy\" class=\"wp-image-3512 size-large alignnone\" src=\"https:\/\/archiwumnauki.pan.pl\/wp-content\/uploads\/2022\/04\/IMG_5386-1024x683.jpg\" alt=\"\" width=\"640\" height=\"427\" srcset=\"https:\/\/archiwumnauki.pan.pl\/wp-content\/uploads\/2022\/04\/IMG_5386-1024x683.jpg 1024w, https:\/\/archiwumnauki.pan.pl\/wp-content\/uploads\/2022\/04\/IMG_5386-300x200.jpg 300w, https:\/\/archiwumnauki.pan.pl\/wp-content\/uploads\/2022\/04\/IMG_5386-768x512.jpg 768w, https:\/\/archiwumnauki.pan.pl\/wp-content\/uploads\/2022\/04\/IMG_5386-1536x1024.jpg 1536w, https:\/\/archiwumnauki.pan.pl\/wp-content\/uploads\/2022\/04\/IMG_5386-2048x1365.jpg 2048w, https:\/\/archiwumnauki.pan.pl\/wp-content\/uploads\/2022\/04\/IMG_5386-405x270.jpg 405w\" sizes=\"(max-width: 640px) 100vw, 640px\" \/><\/a> \u00a0 \u00a0\u00a0<a href=\"https:\/\/archiwumnauki.pan.pl\/wp-content\/uploads\/2022\/04\/IMG_5522-scaled.jpg\"><img decoding=\"async\" loading=\"lazy\" class=\"alignnone wp-image-3545 size-large\" src=\"https:\/\/archiwumnauki.pan.pl\/wp-content\/uploads\/2022\/04\/IMG_5522-1024x683.jpg\" alt=\"\" width=\"640\" height=\"427\" srcset=\"https:\/\/archiwumnauki.pan.pl\/wp-content\/uploads\/2022\/04\/IMG_5522-1024x683.jpg 1024w, https:\/\/archiwumnauki.pan.pl\/wp-content\/uploads\/2022\/04\/IMG_5522-300x200.jpg 300w, https:\/\/archiwumnauki.pan.pl\/wp-content\/uploads\/2022\/04\/IMG_5522-768x512.jpg 768w, https:\/\/archiwumnauki.pan.pl\/wp-content\/uploads\/2022\/04\/IMG_5522-1536x1024.jpg 1536w, https:\/\/archiwumnauki.pan.pl\/wp-content\/uploads\/2022\/04\/IMG_5522-2048x1365.jpg 2048w, https:\/\/archiwumnauki.pan.pl\/wp-content\/uploads\/2022\/04\/IMG_5522-405x270.jpg 405w\" sizes=\"(max-width: 640px) 100vw, 640px\" \/><\/a><\/p>\n<p>Galeria fotograficzna z konferencji oraz towarzysz\u0105cego jej wernisa\u017cu wystawy do obejrzenia <a href=\"https:\/\/archiwumnauki.pan.pl\/?page_id=3886\">tutaj<\/a>.<\/p>\n<p><a href=\"https:\/\/archiwumnauki.pan.pl\/wp-content\/uploads\/2022\/04\/Program-konferencji-naukowej-o-prof.-R.-Dutkowej.pdf\">Link<\/a> do programu konferencji.<\/p>\n","protected":false},"excerpt":{"rendered":"<p>W dniu 22 kwietnia 2022 r. w siedzibie Polskiej Akademii Umiej\u0119tno\u015bci w Krakowie odby\u0142a si\u0119 konferencja pt. \u201eRenata Dutkowa (1927-2015). Uczona, archiwistka, organizatorka nauki\u201d. Wydarzenie &#8211; kolejne z cyklu W s\u0142u\u017cbie nauki &#8211; organizowane by\u0142o przez Archiwum Nauki PAN i PAU, a tak\u017ce Polsk\u0105 Akademi\u0119 Umiej\u0119tno\u015bci oraz Pracowni\u0119 Historii Kultury, Nauki i Edukacji Historycznej Instytutu &hellip; <\/p>\n<p class=\"read-more\"><a class=\"btn btn-default\" href=\"https:\/\/archiwumnauki.pan.pl\/?page_id=3878\"> Read More<span class=\"screen-reader-text\">  Read More<\/span><\/a><\/p>\n","protected":false},"author":55,"featured_media":0,"parent":0,"menu_order":0,"comment_status":"closed","ping_status":"closed","template":"","meta":[],"_links":{"self":[{"href":"https:\/\/archiwumnauki.pan.pl\/index.php?rest_route=\/wp\/v2\/pages\/3878"}],"collection":[{"href":"https:\/\/archiwumnauki.pan.pl\/index.php?rest_route=\/wp\/v2\/pages"}],"about":[{"href":"https:\/\/archiwumnauki.pan.pl\/index.php?rest_route=\/wp\/v2\/types\/page"}],"author":[{"embeddable":true,"href":"https:\/\/archiwumnauki.pan.pl\/index.php?rest_route=\/wp\/v2\/users\/55"}],"replies":[{"embeddable":true,"href":"https:\/\/archiwumnauki.pan.pl\/index.php?rest_route=%2Fwp%2Fv2%2Fcomments&post=3878"}],"version-history":[{"count":4,"href":"https:\/\/archiwumnauki.pan.pl\/index.php?rest_route=\/wp\/v2\/pages\/3878\/revisions"}],"predecessor-version":[{"id":5995,"href":"https:\/\/archiwumnauki.pan.pl\/index.php?rest_route=\/wp\/v2\/pages\/3878\/revisions\/5995"}],"wp:attachment":[{"href":"https:\/\/archiwumnauki.pan.pl\/index.php?rest_route=%2Fwp%2Fv2%2Fmedia&parent=3878"}],"curies":[{"name":"wp","href":"https:\/\/api.w.org\/{rel}","templated":true}]}}