{"id":1962,"date":"2019-11-20T16:29:56","date_gmt":"2019-11-20T15:29:56","guid":{"rendered":"http:\/\/archiwumnauki.pan.pl\/?page_id=1962"},"modified":"2019-11-20T16:29:56","modified_gmt":"2019-11-20T15:29:56","slug":"wizyta-uczniow-z-zespolu-szkol-im-w-goetla-w-suchej-beskidzkiej-galeria","status":"publish","type":"page","link":"https:\/\/archiwumnauki.pan.pl\/?page_id=1962","title":{"rendered":"Wizyta uczni\u00f3w z Zespo\u0142u Szk\u00f3\u0142 im. W. Goetla w Suchej Beskidzkiej &#8211; galeria"},"content":{"rendered":"\n","protected":false},"excerpt":{"rendered":"","protected":false},"author":55,"featured_media":0,"parent":0,"menu_order":0,"comment_status":"closed","ping_status":"closed","template":"","meta":[],"_links":{"self":[{"href":"https:\/\/archiwumnauki.pan.pl\/index.php?rest_route=\/wp\/v2\/pages\/1962"}],"collection":[{"href":"https:\/\/archiwumnauki.pan.pl\/index.php?rest_route=\/wp\/v2\/pages"}],"about":[{"href":"https:\/\/archiwumnauki.pan.pl\/index.php?rest_route=\/wp\/v2\/types\/page"}],"author":[{"embeddable":true,"href":"https:\/\/archiwumnauki.pan.pl\/index.php?rest_route=\/wp\/v2\/users\/55"}],"replies":[{"embeddable":true,"href":"https:\/\/archiwumnauki.pan.pl\/index.php?rest_route=%2Fwp%2Fv2%2Fcomments&post=1962"}],"version-history":[{"count":1,"href":"https:\/\/archiwumnauki.pan.pl\/index.php?rest_route=\/wp\/v2\/pages\/1962\/revisions"}],"predecessor-version":[{"id":1963,"href":"https:\/\/archiwumnauki.pan.pl\/index.php?rest_route=\/wp\/v2\/pages\/1962\/revisions\/1963"}],"wp:attachment":[{"href":"https:\/\/archiwumnauki.pan.pl\/index.php?rest_route=%2Fwp%2Fv2%2Fmedia&parent=1962"}],"curies":[{"name":"wp","href":"https:\/\/api.w.org\/{rel}","templated":true}]}}