{"id":1680,"date":"2019-10-04T11:01:55","date_gmt":"2019-10-04T09:01:55","guid":{"rendered":"http:\/\/archiwumnauki.pan.pl\/?page_id=1680"},"modified":"2019-10-04T12:44:36","modified_gmt":"2019-10-04T10:44:36","slug":"wizyta-ambasadora-mongolii-w-dn-30-wrzesnia-2019-r","status":"publish","type":"page","link":"https:\/\/archiwumnauki.pan.pl\/?page_id=1680","title":{"rendered":"Wizyta ambasadora Mongolii w dn. 30 wrze\u015bnia 2019 r."},"content":{"rendered":"<p>W poniedzia\u0142ek, 30 wrze\u015bnia 2019 r., mieli\u015bmy przyjemno\u015b\u0107 go\u015bci\u0107 ambasadora Mongolii w Rzeczypospolitej Polskiej, J. E. p. Nemekh Bataa. Ambasador zapozna\u0142 si\u0119 z dzia\u0142alno\u015bci\u0105 naszego Archiwum oraz z materia\u0142ami ze spu\u015bcizny W\u0142adys\u0142awa Kotwicza (1872-1944), wybitnego j\u0119zykoznawcy, orientalisty i mongolisty. Znaczna cz\u0119\u015b\u0107 prezentowanych dokument\u00f3w stanowi\u0142a zbiory Kotwicza, zgromadzone w czasie jego s\u0142ynnej ekspedycji naukowej do Mongolii w roku 1912.<\/p>\n<p><a href=\"https:\/\/archiwumnauki.pan.pl\/wp-content\/uploads\/2019\/10\/IMG_1833.jpg\"><img decoding=\"async\" loading=\"lazy\" class=\"alignnone size-medium wp-image-1668\" src=\"https:\/\/archiwumnauki.pan.pl\/wp-content\/uploads\/2019\/10\/IMG_1833-300x200.jpg\" alt=\"\" width=\"300\" height=\"200\" srcset=\"https:\/\/archiwumnauki.pan.pl\/wp-content\/uploads\/2019\/10\/IMG_1833-300x200.jpg 300w, https:\/\/archiwumnauki.pan.pl\/wp-content\/uploads\/2019\/10\/IMG_1833-768x512.jpg 768w, https:\/\/archiwumnauki.pan.pl\/wp-content\/uploads\/2019\/10\/IMG_1833-1024x683.jpg 1024w, https:\/\/archiwumnauki.pan.pl\/wp-content\/uploads\/2019\/10\/IMG_1833-405x270.jpg 405w\" sizes=\"(max-width: 300px) 100vw, 300px\" \/><\/a> <a href=\"https:\/\/archiwumnauki.pan.pl\/wp-content\/uploads\/2019\/10\/IMG_1835.jpg\"><img decoding=\"async\" loading=\"lazy\" class=\"alignnone size-medium wp-image-1669\" src=\"https:\/\/archiwumnauki.pan.pl\/wp-content\/uploads\/2019\/10\/IMG_1835-300x200.jpg\" alt=\"\" width=\"300\" height=\"200\" srcset=\"https:\/\/archiwumnauki.pan.pl\/wp-content\/uploads\/2019\/10\/IMG_1835-300x200.jpg 300w, https:\/\/archiwumnauki.pan.pl\/wp-content\/uploads\/2019\/10\/IMG_1835-768x512.jpg 768w, https:\/\/archiwumnauki.pan.pl\/wp-content\/uploads\/2019\/10\/IMG_1835-1024x683.jpg 1024w, https:\/\/archiwumnauki.pan.pl\/wp-content\/uploads\/2019\/10\/IMG_1835-405x270.jpg 405w\" sizes=\"(max-width: 300px) 100vw, 300px\" \/><\/a> <a href=\"https:\/\/archiwumnauki.pan.pl\/wp-content\/uploads\/2019\/10\/IMG_1857.jpg\"><img decoding=\"async\" loading=\"lazy\" class=\"alignnone size-medium wp-image-1685\" src=\"https:\/\/archiwumnauki.pan.pl\/wp-content\/uploads\/2019\/10\/IMG_1857-300x200.jpg\" alt=\"\" width=\"300\" height=\"200\" srcset=\"https:\/\/archiwumnauki.pan.pl\/wp-content\/uploads\/2019\/10\/IMG_1857-300x200.jpg 300w, https:\/\/archiwumnauki.pan.pl\/wp-content\/uploads\/2019\/10\/IMG_1857-768x512.jpg 768w, https:\/\/archiwumnauki.pan.pl\/wp-content\/uploads\/2019\/10\/IMG_1857-1024x683.jpg 1024w, https:\/\/archiwumnauki.pan.pl\/wp-content\/uploads\/2019\/10\/IMG_1857-405x270.jpg 405w\" sizes=\"(max-width: 300px) 100vw, 300px\" \/><\/a> <a href=\"https:\/\/archiwumnauki.pan.pl\/wp-content\/uploads\/2019\/10\/IMG_1845.jpg\"><img decoding=\"async\" loading=\"lazy\" class=\"alignnone size-medium wp-image-1683\" src=\"https:\/\/archiwumnauki.pan.pl\/wp-content\/uploads\/2019\/10\/IMG_1845-300x200.jpg\" alt=\"\" width=\"300\" height=\"200\" srcset=\"https:\/\/archiwumnauki.pan.pl\/wp-content\/uploads\/2019\/10\/IMG_1845-300x200.jpg 300w, https:\/\/archiwumnauki.pan.pl\/wp-content\/uploads\/2019\/10\/IMG_1845-768x512.jpg 768w, https:\/\/archiwumnauki.pan.pl\/wp-content\/uploads\/2019\/10\/IMG_1845-1024x683.jpg 1024w, https:\/\/archiwumnauki.pan.pl\/wp-content\/uploads\/2019\/10\/IMG_1845-405x270.jpg 405w\" sizes=\"(max-width: 300px) 100vw, 300px\" \/><\/a> <a href=\"https:\/\/archiwumnauki.pan.pl\/wp-content\/uploads\/2019\/10\/IMG_1846.jpg\"><img decoding=\"async\" loading=\"lazy\" class=\"alignnone size-medium wp-image-1684\" src=\"https:\/\/archiwumnauki.pan.pl\/wp-content\/uploads\/2019\/10\/IMG_1846-300x200.jpg\" alt=\"\" width=\"300\" height=\"200\" srcset=\"https:\/\/archiwumnauki.pan.pl\/wp-content\/uploads\/2019\/10\/IMG_1846-300x200.jpg 300w, https:\/\/archiwumnauki.pan.pl\/wp-content\/uploads\/2019\/10\/IMG_1846-768x512.jpg 768w, https:\/\/archiwumnauki.pan.pl\/wp-content\/uploads\/2019\/10\/IMG_1846-1024x683.jpg 1024w, https:\/\/archiwumnauki.pan.pl\/wp-content\/uploads\/2019\/10\/IMG_1846-405x270.jpg 405w\" sizes=\"(max-width: 300px) 100vw, 300px\" \/><\/a> <a href=\"https:\/\/archiwumnauki.pan.pl\/wp-content\/uploads\/2019\/10\/IMG_1863.jpg\"><img decoding=\"async\" loading=\"lazy\" class=\"alignnone size-medium wp-image-1674\" src=\"https:\/\/archiwumnauki.pan.pl\/wp-content\/uploads\/2019\/10\/IMG_1863-300x200.jpg\" alt=\"\" width=\"300\" height=\"200\" srcset=\"https:\/\/archiwumnauki.pan.pl\/wp-content\/uploads\/2019\/10\/IMG_1863-300x200.jpg 300w, https:\/\/archiwumnauki.pan.pl\/wp-content\/uploads\/2019\/10\/IMG_1863-768x512.jpg 768w, https:\/\/archiwumnauki.pan.pl\/wp-content\/uploads\/2019\/10\/IMG_1863-1024x683.jpg 1024w, https:\/\/archiwumnauki.pan.pl\/wp-content\/uploads\/2019\/10\/IMG_1863-405x270.jpg 405w\" sizes=\"(max-width: 300px) 100vw, 300px\" \/><\/a> <a href=\"https:\/\/archiwumnauki.pan.pl\/wp-content\/uploads\/2019\/10\/IMG_1861.jpg\"><img decoding=\"async\" loading=\"lazy\" class=\"alignnone size-medium wp-image-1673\" src=\"https:\/\/archiwumnauki.pan.pl\/wp-content\/uploads\/2019\/10\/IMG_1861-300x200.jpg\" alt=\"\" width=\"300\" height=\"200\" srcset=\"https:\/\/archiwumnauki.pan.pl\/wp-content\/uploads\/2019\/10\/IMG_1861-300x200.jpg 300w, https:\/\/archiwumnauki.pan.pl\/wp-content\/uploads\/2019\/10\/IMG_1861-768x512.jpg 768w, https:\/\/archiwumnauki.pan.pl\/wp-content\/uploads\/2019\/10\/IMG_1861-1024x683.jpg 1024w, https:\/\/archiwumnauki.pan.pl\/wp-content\/uploads\/2019\/10\/IMG_1861-405x270.jpg 405w\" sizes=\"(max-width: 300px) 100vw, 300px\" \/><\/a> <a href=\"https:\/\/archiwumnauki.pan.pl\/wp-content\/uploads\/2019\/10\/IMG_1860.jpg\"><img decoding=\"async\" loading=\"lazy\" class=\"alignnone size-medium wp-image-1672\" src=\"https:\/\/archiwumnauki.pan.pl\/wp-content\/uploads\/2019\/10\/IMG_1860-300x200.jpg\" alt=\"\" width=\"300\" height=\"200\" srcset=\"https:\/\/archiwumnauki.pan.pl\/wp-content\/uploads\/2019\/10\/IMG_1860-300x200.jpg 300w, https:\/\/archiwumnauki.pan.pl\/wp-content\/uploads\/2019\/10\/IMG_1860-768x512.jpg 768w, https:\/\/archiwumnauki.pan.pl\/wp-content\/uploads\/2019\/10\/IMG_1860-1024x683.jpg 1024w, https:\/\/archiwumnauki.pan.pl\/wp-content\/uploads\/2019\/10\/IMG_1860-405x270.jpg 405w\" sizes=\"(max-width: 300px) 100vw, 300px\" \/><\/a> <a href=\"https:\/\/archiwumnauki.pan.pl\/wp-content\/uploads\/2019\/10\/IMG_1866.jpg\"><img decoding=\"async\" loading=\"lazy\" class=\"alignnone size-medium wp-image-1675\" src=\"https:\/\/archiwumnauki.pan.pl\/wp-content\/uploads\/2019\/10\/IMG_1866-300x200.jpg\" alt=\"\" width=\"300\" height=\"200\" srcset=\"https:\/\/archiwumnauki.pan.pl\/wp-content\/uploads\/2019\/10\/IMG_1866-300x200.jpg 300w, https:\/\/archiwumnauki.pan.pl\/wp-content\/uploads\/2019\/10\/IMG_1866-768x512.jpg 768w, https:\/\/archiwumnauki.pan.pl\/wp-content\/uploads\/2019\/10\/IMG_1866-1024x683.jpg 1024w, https:\/\/archiwumnauki.pan.pl\/wp-content\/uploads\/2019\/10\/IMG_1866-405x270.jpg 405w\" sizes=\"(max-width: 300px) 100vw, 300px\" \/><\/a> <a href=\"https:\/\/archiwumnauki.pan.pl\/wp-content\/uploads\/2019\/10\/IMG_1868-1.jpg\"><img decoding=\"async\" loading=\"lazy\" class=\"alignnone size-medium wp-image-1667\" src=\"https:\/\/archiwumnauki.pan.pl\/wp-content\/uploads\/2019\/10\/IMG_1868-1-300x200.jpg\" alt=\"\" width=\"300\" height=\"200\" srcset=\"https:\/\/archiwumnauki.pan.pl\/wp-content\/uploads\/2019\/10\/IMG_1868-1-300x200.jpg 300w, https:\/\/archiwumnauki.pan.pl\/wp-content\/uploads\/2019\/10\/IMG_1868-1-768x512.jpg 768w, https:\/\/archiwumnauki.pan.pl\/wp-content\/uploads\/2019\/10\/IMG_1868-1-1024x683.jpg 1024w, https:\/\/archiwumnauki.pan.pl\/wp-content\/uploads\/2019\/10\/IMG_1868-1-405x270.jpg 405w\" sizes=\"(max-width: 300px) 100vw, 300px\" \/><\/a> <a href=\"https:\/\/archiwumnauki.pan.pl\/wp-content\/uploads\/2019\/10\/IMG_1870.jpg\"><img decoding=\"async\" loading=\"lazy\" class=\"alignnone size-medium wp-image-1678\" src=\"https:\/\/archiwumnauki.pan.pl\/wp-content\/uploads\/2019\/10\/IMG_1870-300x200.jpg\" alt=\"\" width=\"300\" height=\"200\" srcset=\"https:\/\/archiwumnauki.pan.pl\/wp-content\/uploads\/2019\/10\/IMG_1870-300x200.jpg 300w, https:\/\/archiwumnauki.pan.pl\/wp-content\/uploads\/2019\/10\/IMG_1870-768x512.jpg 768w, https:\/\/archiwumnauki.pan.pl\/wp-content\/uploads\/2019\/10\/IMG_1870-1024x683.jpg 1024w, https:\/\/archiwumnauki.pan.pl\/wp-content\/uploads\/2019\/10\/IMG_1870-405x270.jpg 405w\" sizes=\"(max-width: 300px) 100vw, 300px\" \/><\/a> <a href=\"https:\/\/archiwumnauki.pan.pl\/wp-content\/uploads\/2019\/10\/IMG_1876.jpg\"><img decoding=\"async\" loading=\"lazy\" class=\"alignnone size-medium wp-image-1679\" src=\"https:\/\/archiwumnauki.pan.pl\/wp-content\/uploads\/2019\/10\/IMG_1876-300x200.jpg\" alt=\"\" width=\"300\" height=\"200\" srcset=\"https:\/\/archiwumnauki.pan.pl\/wp-content\/uploads\/2019\/10\/IMG_1876-300x200.jpg 300w, https:\/\/archiwumnauki.pan.pl\/wp-content\/uploads\/2019\/10\/IMG_1876-768x512.jpg 768w, https:\/\/archiwumnauki.pan.pl\/wp-content\/uploads\/2019\/10\/IMG_1876-1024x683.jpg 1024w, https:\/\/archiwumnauki.pan.pl\/wp-content\/uploads\/2019\/10\/IMG_1876-405x270.jpg 405w\" sizes=\"(max-width: 300px) 100vw, 300px\" \/><\/a><\/p>\n<p>Fot. Maciej \u0141yszczarz<\/p>\n","protected":false},"excerpt":{"rendered":"<p>W poniedzia\u0142ek, 30 wrze\u015bnia 2019 r., mieli\u015bmy przyjemno\u015b\u0107 go\u015bci\u0107 ambasadora Mongolii w Rzeczypospolitej Polskiej, J. E. p. Nemekh Bataa. Ambasador zapozna\u0142 si\u0119 z dzia\u0142alno\u015bci\u0105 naszego Archiwum oraz z materia\u0142ami ze spu\u015bcizny W\u0142adys\u0142awa Kotwicza (1872-1944), wybitnego j\u0119zykoznawcy, orientalisty i mongolisty. Znaczna cz\u0119\u015b\u0107 prezentowanych dokument\u00f3w stanowi\u0142a zbiory Kotwicza, zgromadzone w czasie jego s\u0142ynnej ekspedycji naukowej do Mongolii &hellip; <\/p>\n<p class=\"read-more\"><a class=\"btn btn-default\" href=\"https:\/\/archiwumnauki.pan.pl\/?page_id=1680\"> Read More<span class=\"screen-reader-text\">  Read More<\/span><\/a><\/p>\n","protected":false},"author":55,"featured_media":0,"parent":0,"menu_order":0,"comment_status":"closed","ping_status":"closed","template":"","meta":[],"_links":{"self":[{"href":"https:\/\/archiwumnauki.pan.pl\/index.php?rest_route=\/wp\/v2\/pages\/1680"}],"collection":[{"href":"https:\/\/archiwumnauki.pan.pl\/index.php?rest_route=\/wp\/v2\/pages"}],"about":[{"href":"https:\/\/archiwumnauki.pan.pl\/index.php?rest_route=\/wp\/v2\/types\/page"}],"author":[{"embeddable":true,"href":"https:\/\/archiwumnauki.pan.pl\/index.php?rest_route=\/wp\/v2\/users\/55"}],"replies":[{"embeddable":true,"href":"https:\/\/archiwumnauki.pan.pl\/index.php?rest_route=%2Fwp%2Fv2%2Fcomments&post=1680"}],"version-history":[{"count":6,"href":"https:\/\/archiwumnauki.pan.pl\/index.php?rest_route=\/wp\/v2\/pages\/1680\/revisions"}],"predecessor-version":[{"id":1717,"href":"https:\/\/archiwumnauki.pan.pl\/index.php?rest_route=\/wp\/v2\/pages\/1680\/revisions\/1717"}],"wp:attachment":[{"href":"https:\/\/archiwumnauki.pan.pl\/index.php?rest_route=%2Fwp%2Fv2%2Fmedia&parent=1680"}],"curies":[{"name":"wp","href":"https:\/\/api.w.org\/{rel}","templated":true}]}}