{"id":1389,"date":"2019-04-30T20:40:17","date_gmt":"2019-04-30T18:40:17","guid":{"rendered":"http:\/\/archiwumnauki.pan.pl\/?page_id=1389"},"modified":"2024-03-25T15:55:22","modified_gmt":"2024-03-25T14:55:22","slug":"historia-krotkiej-formy-korespondencji-wystawa-2009-12-01-2010-03-31","status":"publish","type":"page","link":"https:\/\/archiwumnauki.pan.pl\/?page_id=1389","title":{"rendered":"&#8222;Historia kr\u00f3tkiej formy korespondencji&#8221;, (wystawa: 2009-12-01 &#8211; wrzesie\u0144 2010)"},"content":{"rendered":"<div style=\"text-align: justify;\"><strong>Inne<\/strong><\/div>\n<div style=\"text-align: justify;\"><strong>&#8222;Historia kr\u00f3tkiej formy korespondencji&#8221;<\/strong><\/div>\n<div style=\"text-align: justify;\"><strong>Wystawa by\u0142a prezentowana w dniach 01 XII 2009 &#8211; wrzesie\u0144 2010<br \/>\n<\/strong><\/div>\n<div style=\"text-align: justify;\"><strong>Wystawa prezentowana jest przy Kancelarii Prezesa PAN w Pa\u0142acu Kultury i Nauki w Warszawie.<\/strong><\/div>\n<div class=\"floatleft\" style=\"text-align: justify;\"><img decoding=\"async\" loading=\"lazy\" class=\"size-medium wp-image-1390 alignleft\" src=\"https:\/\/archiwumnauki.pan.pl\/wp-content\/uploads\/2019\/04\/korespondencja00-197x300.jpg\" alt=\"\" width=\"197\" height=\"300\" srcset=\"https:\/\/archiwumnauki.pan.pl\/wp-content\/uploads\/2019\/04\/korespondencja00-197x300.jpg 197w, https:\/\/archiwumnauki.pan.pl\/wp-content\/uploads\/2019\/04\/korespondencja00-178x270.jpg 178w, https:\/\/archiwumnauki.pan.pl\/wp-content\/uploads\/2019\/04\/korespondencja00.jpg 355w\" sizes=\"(max-width: 197px) 100vw, 197px\" \/><\/div>\n<p style=\"text-align: justify;\">W dniu 1 pa\u017adziernika 2009 r. min\u0119\u0142a 140. rocznica wprowadzenia do obiegu karty pocztowej. Stwarza to okazj\u0119 do zapoznania si\u0119 z histori\u0105 poczt\u00f3wki, kt\u00f3ra dzi\u0119ki znacznemu upowszechnieniu si\u0119 na prze\u0142omie XIX i XX wieku sta\u0142a si\u0119 osobliwym \u015bwiadectwem kontakt\u00f3w mi\u0119dzyludzkich, tym pi\u0119kniejszym, \u017ce zanikaj\u0105cym w XXI stuleciu. Z tej okazji Archiwum Nauki PAN i PAU w Krakowie ma przyjemno\u015b\u0107 zaprezentowa\u0107 wystaw\u0119 zatytu\u0142owan\u0105\u00a0<em>Historia kr\u00f3tkiej formy korespondencji<\/em>.<\/p>\n<p style=\"text-align: justify;\">Prezentowane poczt\u00f3wki, powsta\u0142e w okresie 1894 -1939, pochodz\u0105 ze spu\u015bcizn uczonych zgromadzonych w Archiwum Nauki: Zygmunta Czernego (1888-1975) &#8211; historyka literatury i j\u0119zyk\u00f3w roma\u0144skich, Tadeusza Dubieckiego (1885-1972) &#8211; historyka dziej\u00f3w Polski XVllI i XIX w., Stanis\u0142awa Kutrzeby (1876-1946) &#8211; historyka prawa, oraz W\u0142adys\u0142awa Natansona (1864-1937) &#8211; fizyka.<\/p>\n<div style=\"text-align: justify;\">\n<div class=\"zdjecie\"><img decoding=\"async\" loading=\"lazy\" class=\"alignnone size-medium wp-image-1391\" src=\"https:\/\/archiwumnauki.pan.pl\/wp-content\/uploads\/2019\/04\/korespondencja01-300x193.jpg\" alt=\"\" width=\"300\" height=\"193\" srcset=\"https:\/\/archiwumnauki.pan.pl\/wp-content\/uploads\/2019\/04\/korespondencja01-300x193.jpg 300w, https:\/\/archiwumnauki.pan.pl\/wp-content\/uploads\/2019\/04\/korespondencja01-419x270.jpg 419w, https:\/\/archiwumnauki.pan.pl\/wp-content\/uploads\/2019\/04\/korespondencja01.jpg 540w\" sizes=\"(max-width: 300px) 100vw, 300px\" \/><\/div>\n<div class=\"zdjecie\" style=\"text-align: justify;\">Idea korespondencji, kt\u00f3r\u0105 mo\u017cna wysy\u0142a\u0107 bez koperty, co by\u0142o pomys\u0142em rewolucyjnym, urzeczywistni\u0142a si\u0119 w monarchii Austro-W\u0119gierskiej za spraw\u0105 Emanuela Herrmanna, kt\u00f3rego dzi\u015b &#8211; w powszechnej opinii &#8211; uwa\u017ca si\u0119 za &#8222;wynalazc\u0119&#8221; karty pocztowej. To w\u0142a\u015bnie na terenie pa\u0144stwa Habsburg\u00f3w w dniu 1 pa\u017adziernika 1869 r. wprowadzono do obiegu pierwsze karty pocztowe. Ta nowa forma korespondencji bardzo szybko zyskiwa\u0142a popularno\u015b\u0107 i przyjmowa\u0142a si\u0119 w kolejnych krajach, a wysy\u0142anie kart pocztowych sta\u0142o si\u0119 wkr\u00f3tce symbolem otwarto\u015bci i nowoczesno\u015bci.<\/div>\n<\/div>\n<p style=\"text-align: justify;\">Pierwsze karty korespondencyjne ozdobione ilustracjami pojawi\u0142y si\u0119 w latach 70. XIX w. Tematyka poczt\u00f3wek by\u0142a r\u00f3\u017cnorodna. Poza bardzo popularnymi kartkami okoliczno\u015bciowymi, panoramami miast, scenami rodzajowymi, krajobrazami, reprodukcjami dzie\u0142 sztuki, jak r\u00f3wnie\u017c fotoreporta\u017cami z uroczysto\u015bci religijnych i patriotycznych du\u017c\u0105 popularno\u015b\u0107 zyska\u0142y karty pocztowe, kt\u00f3re na awersie prezentowa\u0142y fotografi\u0119 wysy\u0142aj\u0105cego z miejsca, z kt\u00f3rego pisa\u0142.<\/p>\n<div style=\"text-align: justify;\">\n<div class=\"zdjecie\"><img decoding=\"async\" loading=\"lazy\" class=\"alignnone size-medium wp-image-1392\" src=\"https:\/\/archiwumnauki.pan.pl\/wp-content\/uploads\/2019\/04\/korespondencja03-300x195.jpg\" alt=\"\" width=\"300\" height=\"195\" srcset=\"https:\/\/archiwumnauki.pan.pl\/wp-content\/uploads\/2019\/04\/korespondencja03-300x195.jpg 300w, https:\/\/archiwumnauki.pan.pl\/wp-content\/uploads\/2019\/04\/korespondencja03-415x270.jpg 415w, https:\/\/archiwumnauki.pan.pl\/wp-content\/uploads\/2019\/04\/korespondencja03.jpg 540w\" sizes=\"(max-width: 300px) 100vw, 300px\" \/><\/div>\n<div class=\"zdjecie\"><img decoding=\"async\" loading=\"lazy\" class=\"alignnone size-medium wp-image-1393\" src=\"https:\/\/archiwumnauki.pan.pl\/wp-content\/uploads\/2019\/04\/korespondencja04-300x194.jpg\" alt=\"\" width=\"300\" height=\"194\" srcset=\"https:\/\/archiwumnauki.pan.pl\/wp-content\/uploads\/2019\/04\/korespondencja04-300x194.jpg 300w, https:\/\/archiwumnauki.pan.pl\/wp-content\/uploads\/2019\/04\/korespondencja04-417x270.jpg 417w, https:\/\/archiwumnauki.pan.pl\/wp-content\/uploads\/2019\/04\/korespondencja04.jpg 540w\" sizes=\"(max-width: 300px) 100vw, 300px\" \/><\/div>\n<\/div>\n<p style=\"text-align: justify;\">Wygl\u0105d poczt\u00f3wki uzale\u017cniony by\u0142 od post\u0119p\u00f3w technicznych w dziedzinie tworzenia ilustracji. Pocz\u0105tkowo dominowa\u0142y jednobarwne miedzioryty, staloryty i litografie, do kt\u00f3rych z czasem dodawano kolory. Prze\u0142omem w historii karty pocztowej by\u0142o zastosowanie do jej produkcji fotografii. Jednak z\u0142oty okres w dziejach karty pocztowej &#8211; obfituj\u0105cy w wielo\u015b\u0107 form i technik &#8211; przypad\u0142 na czas od lat 80. XIX w. do wybuchu Wielkiej Wojny. W\u00f3wczas przy produkcji kart zastosowanie znalaz\u0142y m.in. suszone kwiaty, kora, fragmenty materia\u0142\u00f3w. Karty pocztowe z\u0142ocono, inne fragmentami wyt\u0142aczano. Po wojnie nie uda\u0142o si\u0119 wydawcom kart pocztowych powr\u00f3ci\u0107 do ich artystycznego poziomu sprzed 1914 r.<\/p>\n<p style=\"text-align: justify;\">Powszechno\u015b\u0107 karty pocztowej, a tak\u017ce tematyczna r\u00f3\u017cnorodno\u015b\u0107 jak\u0105 prezentuj\u0105, powoduje, i\u017c poczt\u00f3wki sprzed lat stanowi\u0105 wa\u017cne i ciekawe \u017ar\u00f3d\u0142o informacji o dawnej architekturze, obyczajach, strojach, wydarzeniach. Maj\u0105ce ju\u017c blisko p\u00f3\u0142torawiekow\u0105 histori\u0119 karty pocztowe pozwalaj\u0105 zobaczy\u0107 utrwalony na nich \u015bwiat ludzi minionej epoki.<\/p>\n<div style=\"text-align: justify;\">\n<div class=\"zdjecie\"><img decoding=\"async\" loading=\"lazy\" class=\"alignnone size-medium wp-image-1394\" src=\"https:\/\/archiwumnauki.pan.pl\/wp-content\/uploads\/2019\/04\/korespondencja05-300x196.jpg\" alt=\"\" width=\"300\" height=\"196\" srcset=\"https:\/\/archiwumnauki.pan.pl\/wp-content\/uploads\/2019\/04\/korespondencja05-300x196.jpg 300w, https:\/\/archiwumnauki.pan.pl\/wp-content\/uploads\/2019\/04\/korespondencja05-414x270.jpg 414w, https:\/\/archiwumnauki.pan.pl\/wp-content\/uploads\/2019\/04\/korespondencja05.jpg 540w\" sizes=\"(max-width: 300px) 100vw, 300px\" \/><\/div>\n<div class=\"zdjecie\"><img decoding=\"async\" loading=\"lazy\" class=\"alignnone size-medium wp-image-1395\" src=\"https:\/\/archiwumnauki.pan.pl\/wp-content\/uploads\/2019\/04\/korespondencja06-300x204.jpg\" alt=\"\" width=\"300\" height=\"204\" srcset=\"https:\/\/archiwumnauki.pan.pl\/wp-content\/uploads\/2019\/04\/korespondencja06-300x204.jpg 300w, https:\/\/archiwumnauki.pan.pl\/wp-content\/uploads\/2019\/04\/korespondencja06-397x270.jpg 397w, https:\/\/archiwumnauki.pan.pl\/wp-content\/uploads\/2019\/04\/korespondencja06.jpg 540w\" sizes=\"(max-width: 300px) 100vw, 300px\" \/><\/div>\n<\/div>\n<div class=\"zdjecie\" style=\"text-align: justify;\"><img decoding=\"async\" loading=\"lazy\" class=\"alignnone size-medium wp-image-1396\" src=\"https:\/\/archiwumnauki.pan.pl\/wp-content\/uploads\/2019\/04\/korespondencja10-300x197.jpg\" alt=\"\" width=\"300\" height=\"197\" srcset=\"https:\/\/archiwumnauki.pan.pl\/wp-content\/uploads\/2019\/04\/korespondencja10-300x197.jpg 300w, https:\/\/archiwumnauki.pan.pl\/wp-content\/uploads\/2019\/04\/korespondencja10-412x270.jpg 412w, https:\/\/archiwumnauki.pan.pl\/wp-content\/uploads\/2019\/04\/korespondencja10.jpg 473w\" sizes=\"(max-width: 300px) 100vw, 300px\" \/><\/div>\n<div class=\"zdjecie\" style=\"text-align: justify;\"><img decoding=\"async\" loading=\"lazy\" class=\"alignnone size-medium wp-image-1397\" src=\"https:\/\/archiwumnauki.pan.pl\/wp-content\/uploads\/2019\/04\/korespondencja11-185x300.jpg\" alt=\"\" width=\"185\" height=\"300\" srcset=\"https:\/\/archiwumnauki.pan.pl\/wp-content\/uploads\/2019\/04\/korespondencja11-185x300.jpg 185w, https:\/\/archiwumnauki.pan.pl\/wp-content\/uploads\/2019\/04\/korespondencja11-167x270.jpg 167w, https:\/\/archiwumnauki.pan.pl\/wp-content\/uploads\/2019\/04\/korespondencja11.jpg 333w\" sizes=\"(max-width: 185px) 100vw, 185px\" \/><\/div>\n<div style=\"text-align: justify;\"><a href=\"https:\/\/archiwumnauki.pan.pl\/wp-content\/uploads\/2019\/04\/korespondencja12.jpg\"><img decoding=\"async\" loading=\"lazy\" class=\"alignnone wp-image-1398 size-medium\" src=\"https:\/\/archiwumnauki.pan.pl\/wp-content\/uploads\/2019\/04\/korespondencja12-300x189.jpg\" alt=\"\" width=\"300\" height=\"189\" srcset=\"https:\/\/archiwumnauki.pan.pl\/wp-content\/uploads\/2019\/04\/korespondencja12-300x189.jpg 300w, https:\/\/archiwumnauki.pan.pl\/wp-content\/uploads\/2019\/04\/korespondencja12-428x270.jpg 428w, https:\/\/archiwumnauki.pan.pl\/wp-content\/uploads\/2019\/04\/korespondencja12.jpg 540w\" sizes=\"(max-width: 300px) 100vw, 300px\" \/><\/a><\/div>\n<p style=\"text-align: justify;\">\n","protected":false},"excerpt":{"rendered":"<p>Inne &#8222;Historia kr\u00f3tkiej formy korespondencji&#8221; Wystawa by\u0142a prezentowana w dniach 01 XII 2009 &#8211; wrzesie\u0144 2010 Wystawa prezentowana jest przy Kancelarii Prezesa PAN w Pa\u0142acu Kultury i Nauki w Warszawie. W dniu 1 pa\u017adziernika 2009 r. min\u0119\u0142a 140. rocznica wprowadzenia do obiegu karty pocztowej. Stwarza to okazj\u0119 do zapoznania si\u0119 z histori\u0105 poczt\u00f3wki, kt\u00f3ra dzi\u0119ki &hellip; <\/p>\n<p class=\"read-more\"><a class=\"btn btn-default\" href=\"https:\/\/archiwumnauki.pan.pl\/?page_id=1389\"> Read More<span class=\"screen-reader-text\">  Read More<\/span><\/a><\/p>\n","protected":false},"author":55,"featured_media":0,"parent":0,"menu_order":0,"comment_status":"closed","ping_status":"closed","template":"","meta":[],"_links":{"self":[{"href":"https:\/\/archiwumnauki.pan.pl\/index.php?rest_route=\/wp\/v2\/pages\/1389"}],"collection":[{"href":"https:\/\/archiwumnauki.pan.pl\/index.php?rest_route=\/wp\/v2\/pages"}],"about":[{"href":"https:\/\/archiwumnauki.pan.pl\/index.php?rest_route=\/wp\/v2\/types\/page"}],"author":[{"embeddable":true,"href":"https:\/\/archiwumnauki.pan.pl\/index.php?rest_route=\/wp\/v2\/users\/55"}],"replies":[{"embeddable":true,"href":"https:\/\/archiwumnauki.pan.pl\/index.php?rest_route=%2Fwp%2Fv2%2Fcomments&post=1389"}],"version-history":[{"count":5,"href":"https:\/\/archiwumnauki.pan.pl\/index.php?rest_route=\/wp\/v2\/pages\/1389\/revisions"}],"predecessor-version":[{"id":6009,"href":"https:\/\/archiwumnauki.pan.pl\/index.php?rest_route=\/wp\/v2\/pages\/1389\/revisions\/6009"}],"wp:attachment":[{"href":"https:\/\/archiwumnauki.pan.pl\/index.php?rest_route=%2Fwp%2Fv2%2Fmedia&parent=1389"}],"curies":[{"name":"wp","href":"https:\/\/api.w.org\/{rel}","templated":true}]}}