{"id":1356,"date":"2019-04-30T20:24:28","date_gmt":"2019-04-30T18:24:28","guid":{"rendered":"http:\/\/archiwumnauki.pan.pl\/?page_id=1356"},"modified":"2021-02-02T15:07:34","modified_gmt":"2021-02-02T14:07:34","slug":"1356-2","status":"publish","type":"page","link":"https:\/\/archiwumnauki.pan.pl\/?page_id=1356","title":{"rendered":"Parki Narodowe Stan\u00f3w Zjednoczonych Ameryki, (wystawa: 2007-10-30 &#8211; 2008-10-06)"},"content":{"rendered":"<div><strong>Nauki przyrodnicze w archiwaliach<\/strong><\/div>\n<div><strong>Parki Narodowe Stan\u00f3w Zjednoczonych Ameryki<\/strong><\/div>\n<div><strong>Wystawa prezentowana od dnia 30 X 2007 &#8211; 10 VI 2008<br \/>\n<\/strong><\/div>\n<p>Wystawa prezentowana jest przy Kancelarii Prezesa PAN w Pa\u0142acu Kultury i Nauki w Warszawie.<\/p>\n<p><img decoding=\"async\" loading=\"lazy\" class=\"size-medium wp-image-1357 alignleft\" src=\"https:\/\/archiwumnauki.pan.pl\/wp-content\/uploads\/2019\/04\/parki1-172x300.jpg\" alt=\"\" width=\"172\" height=\"300\" srcset=\"https:\/\/archiwumnauki.pan.pl\/wp-content\/uploads\/2019\/04\/parki1-172x300.jpg 172w, https:\/\/archiwumnauki.pan.pl\/wp-content\/uploads\/2019\/04\/parki1-155x270.jpg 155w, https:\/\/archiwumnauki.pan.pl\/wp-content\/uploads\/2019\/04\/parki1.jpg 280w\" sizes=\"(max-width: 172px) 100vw, 172px\" \/><\/p>\n<p style=\"text-align: justify;\">W cyklu\u00a0<em>Podr\u00f3\u017ce uczonych&#8230;<\/em>, przygotowywanym przez Archiwum Nauki PAN i PAU w Krakowie, mo\u017cna by\u0142o pozna\u0107 kontynent afryka\u0144ski utrwalony w fotografiach\u00a0<a href=\"http:\/\/www.archiwum-nauki.krakow.pl\/pl\/wystawy\/goetel.html\">Walerego Goetla<\/a>, poczu\u0107 klimat miast europejskich z prze\u0142omu wiek\u00f3w, oddany przez widok\u00f3wki zgromadzone w spu\u015bci\u017anie\u00a0<a href=\"http:\/\/www.archiwum-nauki.krakow.pl\/pl\/wystawy\/kutrzeba_podroze.html\">Stanis\u0142awa Kutrzeby<\/a>, a tak\u017ce podziwia\u0107 egzotyk\u0119 Mongolii poprzez pryzmat materia\u0142\u00f3w zgromadzonych przez\u00a0<a href=\"http:\/\/www.archiwum-nauki.krakow.pl\/pl\/wystawy\/kotwicz_podroze.html\">W\u0142adys\u0142awa Kotwicza<\/a>. Obecna wystawa to \u201epodr\u00f3\u017c\u201d na kolejny kontynent. Jej tematem s\u0105 parki narodowe Stan\u00f3w Zjednoczonych Ameryki. Mo\u017cemy, wi\u0119c pozna\u0107 pi\u0119kno i r\u00f3\u017cnorodno\u015b\u0107 przyrody bogatej i malowniczej, zachowanej na obszarach chronionych kraju, w kt\u00f3rym zrodzi\u0142a si\u0119 idea tworzenia park\u00f3w narodowych.<\/p>\n<p>&nbsp;<\/p>\n<p>&nbsp;<\/p>\n<p>&nbsp;<\/p>\n<p>&nbsp;<\/p>\n<div>\n<div><\/div>\n<div class=\"zdjecie\"><img decoding=\"async\" loading=\"lazy\" class=\"size-medium wp-image-1358 alignnone\" src=\"https:\/\/archiwumnauki.pan.pl\/wp-content\/uploads\/2019\/04\/parki2_1-300x202.jpg\" alt=\"\" width=\"300\" height=\"202\" srcset=\"https:\/\/archiwumnauki.pan.pl\/wp-content\/uploads\/2019\/04\/parki2_1-300x202.jpg 300w, https:\/\/archiwumnauki.pan.pl\/wp-content\/uploads\/2019\/04\/parki2_1-401x270.jpg 401w, https:\/\/archiwumnauki.pan.pl\/wp-content\/uploads\/2019\/04\/parki2_1.jpg 500w\" sizes=\"(max-width: 300px) 100vw, 300px\" \/><br \/>\nKwitn\u0105cy kaktus w szczelinie skalnej<br \/>\nCapitol Reef National Park<\/div>\n<div class=\"zdjecie\"><img decoding=\"async\" loading=\"lazy\" class=\"size-medium wp-image-1359 aligncenter\" src=\"https:\/\/archiwumnauki.pan.pl\/wp-content\/uploads\/2019\/04\/parki2_2-300x193.jpg\" alt=\"\" width=\"300\" height=\"193\" srcset=\"https:\/\/archiwumnauki.pan.pl\/wp-content\/uploads\/2019\/04\/parki2_2-300x193.jpg 300w, https:\/\/archiwumnauki.pan.pl\/wp-content\/uploads\/2019\/04\/parki2_2-421x270.jpg 421w, https:\/\/archiwumnauki.pan.pl\/wp-content\/uploads\/2019\/04\/parki2_2.jpg 500w\" sizes=\"(max-width: 300px) 100vw, 300px\" \/><br \/>\nTipsoo Lake &#8211; jezioro u podn\u00f3\u017ca Mt. Rainier<\/div>\n<div class=\"zdjecie\"><img decoding=\"async\" loading=\"lazy\" class=\"alignnone size-medium wp-image-1360\" src=\"https:\/\/archiwumnauki.pan.pl\/wp-content\/uploads\/2019\/04\/parki2_3-300x206.jpg\" alt=\"\" width=\"300\" height=\"206\" srcset=\"https:\/\/archiwumnauki.pan.pl\/wp-content\/uploads\/2019\/04\/parki2_3-300x206.jpg 300w, https:\/\/archiwumnauki.pan.pl\/wp-content\/uploads\/2019\/04\/parki2_3-394x270.jpg 394w, https:\/\/archiwumnauki.pan.pl\/wp-content\/uploads\/2019\/04\/parki2_3.jpg 500w\" sizes=\"(max-width: 300px) 100vw, 300px\" \/><br \/>\nWodospady kaskadowe w dolinie &#8222;Yosemite&#8221;<\/div>\n<\/div>\n<p>&nbsp;<\/p>\n","protected":false},"excerpt":{"rendered":"<p>Nauki przyrodnicze w archiwaliach Parki Narodowe Stan\u00f3w Zjednoczonych Ameryki Wystawa prezentowana od dnia 30 X 2007 &#8211; 10 VI 2008 Wystawa prezentowana jest przy Kancelarii Prezesa PAN w Pa\u0142acu Kultury i Nauki w Warszawie. W cyklu\u00a0Podr\u00f3\u017ce uczonych&#8230;, przygotowywanym przez Archiwum Nauki PAN i PAU w Krakowie, mo\u017cna by\u0142o pozna\u0107 kontynent afryka\u0144ski utrwalony w fotografiach\u00a0Walerego Goetla, &hellip; <\/p>\n<p class=\"read-more\"><a class=\"btn btn-default\" href=\"https:\/\/archiwumnauki.pan.pl\/?page_id=1356\"> Read More<span class=\"screen-reader-text\">  Read More<\/span><\/a><\/p>\n","protected":false},"author":55,"featured_media":0,"parent":0,"menu_order":0,"comment_status":"closed","ping_status":"closed","template":"","meta":[],"_links":{"self":[{"href":"https:\/\/archiwumnauki.pan.pl\/index.php?rest_route=\/wp\/v2\/pages\/1356"}],"collection":[{"href":"https:\/\/archiwumnauki.pan.pl\/index.php?rest_route=\/wp\/v2\/pages"}],"about":[{"href":"https:\/\/archiwumnauki.pan.pl\/index.php?rest_route=\/wp\/v2\/types\/page"}],"author":[{"embeddable":true,"href":"https:\/\/archiwumnauki.pan.pl\/index.php?rest_route=\/wp\/v2\/users\/55"}],"replies":[{"embeddable":true,"href":"https:\/\/archiwumnauki.pan.pl\/index.php?rest_route=%2Fwp%2Fv2%2Fcomments&post=1356"}],"version-history":[{"count":4,"href":"https:\/\/archiwumnauki.pan.pl\/index.php?rest_route=\/wp\/v2\/pages\/1356\/revisions"}],"predecessor-version":[{"id":2738,"href":"https:\/\/archiwumnauki.pan.pl\/index.php?rest_route=\/wp\/v2\/pages\/1356\/revisions\/2738"}],"wp:attachment":[{"href":"https:\/\/archiwumnauki.pan.pl\/index.php?rest_route=%2Fwp%2Fv2%2Fmedia&parent=1356"}],"curies":[{"name":"wp","href":"https:\/\/api.w.org\/{rel}","templated":true}]}}