{"id":1333,"date":"2019-04-30T19:59:50","date_gmt":"2019-04-30T17:59:50","guid":{"rendered":"http:\/\/archiwumnauki.pan.pl\/?page_id=1333"},"modified":"2019-04-30T19:59:50","modified_gmt":"2019-04-30T17:59:50","slug":"laczac-milosc-nauki-z-miloscia-ojczyzny-ofiarodawstwo-na-rzecz-polskiej-akademii-umiejetnosci-wystawa-2016-11-18-2017-03-30","status":"publish","type":"page","link":"https:\/\/archiwumnauki.pan.pl\/?page_id=1333","title":{"rendered":"\u0141\u0105cz\u0105c mi\u0142o\u015b\u0107 nauki z mi\u0142o\u015bci\u0105 Ojczyzny.Ofiarodawstwo na rzecz Polskiej Akademii Umiej\u0119tno\u015bci, (wystawa: 2016-11-18 &#8211; 2017-03-30)"},"content":{"rendered":"<div><strong>Wystawy okoliczno\u015bciowe<\/strong><\/div>\n<div><strong>\u0141\u0105cz\u0105c mi\u0142o\u015b\u0107 nauki z mi\u0142o\u015bci\u0105 Ojczyzny.Ofiarodawstwo na rzecz Polskiej Akademii Umiej\u0119tno\u015bci<\/strong><\/div>\n<div><strong>Wystawa by\u0142a prezentowana w dniach 18 XI 2016 &#8211; 30 III 2017, od poniedzia\u0142ku do pi\u0105tku w godz. 10:00 &#8211; 15:00<\/strong><\/div>\n<p><img decoding=\"async\" loading=\"lazy\" class=\"size-medium wp-image-1334 alignleft\" src=\"https:\/\/archiwumnauki.pan.pl\/wp-content\/uploads\/2019\/04\/ofiarodawcy_okladka-1-231x300.jpg\" alt=\"\" width=\"231\" height=\"300\" srcset=\"https:\/\/archiwumnauki.pan.pl\/wp-content\/uploads\/2019\/04\/ofiarodawcy_okladka-1-231x300.jpg 231w, https:\/\/archiwumnauki.pan.pl\/wp-content\/uploads\/2019\/04\/ofiarodawcy_okladka-1-208x270.jpg 208w, https:\/\/archiwumnauki.pan.pl\/wp-content\/uploads\/2019\/04\/ofiarodawcy_okladka-1.jpg 399w\" sizes=\"(max-width: 231px) 100vw, 231px\" \/><\/p>\n<p style=\"text-align: justify;\"><em>Polska Akademia Umiej\u0119tno\u015bci powsta\u0142a w r. 1872 w Krakowie jako ukoronowanie\u00a0<\/em><em>usi\u0142owa\u0144, kt\u00f3re nar\u00f3d polski podejmowa\u0142 od pocz\u0105tku XIX w. oko\u0142o zorganizowania pracy\u00a0<\/em><em>naukowej w Warszawie, Krakowie, Poznaniu, Wilnie i na emigracji, nie daj\u0105c si\u0119 odstraszy\u0107\u00a0<\/em><em>wszelkim przeszkodom i z\u0142ama\u0107 kl\u0119skom, i podejmuj\u0105c ten i\u015bcie syzyfowy trud,\u00a0<\/em><em>gdziekolwiek dla pracy naukowej ukaza\u0142y si\u0119 przychylniejsze warunki<\/em>\u00a0\u2013 s\u0142owa odczytu wyg\u0142oszonego przez Micha\u0142a Bobrzy\u0144skiego 16 czerwca 1923 r., w pi\u0119\u0107dziesi\u0105t\u0105 rocznic\u0119 powo\u0142ania Akademii Umiej\u0119tno\u015bci, dobitnie opisuj\u0105 ideowe znaczenie tej instytucji dla narodu polskiego. \u00d3w \u201eklejnot wielkiej donios\u0142o\u015bci\u201d, zbudowany na fundamencie Towarzystwa Naukowego Krakowskiego, sta\u0142 si\u0119 owocem mi\u0142o\u015bci polskiego narodu do nauki i ojczyzny. Si\u0142a Akademii tkwi\u0142a w zaufaniu, okazanym jej przez nar\u00f3d, dla kt\u00f3rego by\u0142a ostoj\u0105 i duchowym przewodnikiem w dobie rozbior\u00f3w, a tak\u017ce w latach odrodzonej Rzeczypospolitej. Ufno\u015b\u0107 spo\u0142ecze\u0144stwa przejawia\u0142a si\u0119 w realnym, materialnym wspieraniu podejmowanych w \u0142onie Akademii inicjatyw naukowych. Zjawisko ofiarodawstwa na rzecz Akademii, zapocz\u0105tkowane jeszcze w czasach Towarzystwa Naukowego Krakowskiego, mimo i\u017c miewa\u0142o okresy stagnacji, stanowi\u0142o istotne wsparcie dla polskiej nauki. Reprezentanci wszelkich warstw spo\u0142ecznych, kieruj\u0105c si\u0119 wra\u017cliwo\u015bci\u0105 i patriotyzmem, zapisywali dary pieni\u0119\u017cne, a tak\u017ce przekazywali r\u0119kopisy, ksi\u0105\u017cki, mapy, zabytki archeologiczne i dzie\u0142a sztuki. Akademia, publikuj\u0105c w ka\u017cdym swoim \u201eRoczniku\u201d spisy darczy\u0144c\u00f3w, okazywa\u0142a owym mecenasom nauki wdzi\u0119czno\u015b\u0107, zapisuj\u0105c ich w wiecznej pami\u0119ci potomnych.<\/p>\n<p style=\"text-align: justify;\">Wobec faktu, i\u017c jeszcze nie przebrzmia\u0142y echa obchodzonego w 2015 r. jubileuszu 200-lecia powo\u0142ania Towarzystwa Naukowego Krakowskiego, Archiwum Nauki PAN i PAU postanowi\u0142o ponownie przywo\u0142a\u0107 pami\u0119\u0107 o ludziach, kt\u00f3rym bliska by\u0142a my\u015bl wspierania ojczystej nauki. Temu celowi s\u0142u\u017cy\u0107 ma wystawa, na kt\u00f3rej zaprezentowano archiwalia zwi\u0105zane z zapisami:\u00a0<strong>J\u00f3zefa Curzyd\u0142y, Micha\u0142a Konarskiego, Jana Radziwo\u0144skiego, Jerzego Romana Lubomirskiego, Probusa Barczewskiego, Seweryna Ga\u0142\u0119zowskiego, J\u00f3zefa Szalaya, Karola Stefana Habsburga<\/strong>\u00a0czy\u00a0<strong>Erazma i Anny Jerzmanowskich<\/strong>. Pokazano r\u00f3wnie\u017c archiwalia dotycz\u0105ce dar\u00f3w na rzecz Biblioteki, Muzeum Fizjograficznego i Muzeum Archeologicznego Akademii Umiej\u0119tno\u015bci, zapisanych wol\u0105 m.in.\u00a0<strong>Cypriana Walewskiego, W\u0142odzimierza Spasowicza i Wilhelma Friedberga<\/strong>.<\/p>\n<p style=\"text-align: justify;\">Ekspozycji towarzyszy sk\u0142adaj\u0105ca si\u0119 z dw\u00f3ch cz\u0119\u015bci publikacja.Pierwsza, w formie albumu, zawiera wybrane materia\u0142y archiwalne, prezentowane na wystawie, odnosz\u0105ce si\u0119 do poszczeg\u00f3lnych zapis\u00f3w, pochodz\u0105ce z zespo\u0142u akt Polskiej Akademii Umiej\u0119tno\u015bci. Drug\u0105 stanowi wykaz ofiarodawc\u00f3w, przygotowany na podstawie kartoteki sporz\u0105dzonej w oparciu o dane z \u201eRocznika PAU\u201d. \u0141\u0105cz\u0105c mi\u0142o\u015b\u0107 nauki z mi\u0142o\u015bci\u0105 ojczyzny. Ofiarodawstwo na rzecz Polskiej Akademii Umiej\u0119tno\u015bci \u2013 to wystawa, kt\u00f3ra prezentuj\u0105c wybrane materia\u0142y archiwalne dokumentuj\u0105ce ofiarno\u015b\u0107 spo\u0142eczn\u0105 stanowi wyraz wdzi\u0119czno\u015bci dla tych wszystkich, kt\u00f3rzy nie pozostawali oboj\u0119tni wobec spraw nauki i kultury.<\/p>\n<p style=\"text-align: justify;\">Wystawa prezentowana b\u0119dzie w sali wystawowej Archiwum Nauki PAN i PAU do 30 marca 2017 roku.<\/p>\n<p style=\"text-align: justify;\">MARCIN MACIUK<\/p>\n<p style=\"text-align: justify;\">Materia\u0142y dodatkowe:<\/p>\n<ul>\n<li><a href=\"https:\/\/archiwumnauki.pan.pl\/wp-content\/uploads\/2019\/04\/ofiarodawcy_zaproszenie-1.pdf\">zaproszenie na wystaw\u0119<\/a><\/li>\n<\/ul>\n<div align=\"center\"><img decoding=\"async\" loading=\"lazy\" class=\"alignnone size-medium wp-image-1335\" src=\"https:\/\/archiwumnauki.pan.pl\/wp-content\/uploads\/2019\/04\/milosc_nauki.plakat-1-212x300.jpg\" alt=\"\" width=\"212\" height=\"300\" srcset=\"https:\/\/archiwumnauki.pan.pl\/wp-content\/uploads\/2019\/04\/milosc_nauki.plakat-1-212x300.jpg 212w, https:\/\/archiwumnauki.pan.pl\/wp-content\/uploads\/2019\/04\/milosc_nauki.plakat-1-191x270.jpg 191w, https:\/\/archiwumnauki.pan.pl\/wp-content\/uploads\/2019\/04\/milosc_nauki.plakat-1.jpg 450w\" sizes=\"(max-width: 212px) 100vw, 212px\" \/><\/div>\n","protected":false},"excerpt":{"rendered":"<p>Wystawy okoliczno\u015bciowe \u0141\u0105cz\u0105c mi\u0142o\u015b\u0107 nauki z mi\u0142o\u015bci\u0105 Ojczyzny.Ofiarodawstwo na rzecz Polskiej Akademii Umiej\u0119tno\u015bci Wystawa by\u0142a prezentowana w dniach 18 XI 2016 &#8211; 30 III 2017, od poniedzia\u0142ku do pi\u0105tku w godz. 10:00 &#8211; 15:00 Polska Akademia Umiej\u0119tno\u015bci powsta\u0142a w r. 1872 w Krakowie jako ukoronowanie\u00a0usi\u0142owa\u0144, kt\u00f3re nar\u00f3d polski podejmowa\u0142 od pocz\u0105tku XIX w. oko\u0142o zorganizowania &hellip; <\/p>\n<p class=\"read-more\"><a class=\"btn btn-default\" href=\"https:\/\/archiwumnauki.pan.pl\/?page_id=1333\"> Read More<span class=\"screen-reader-text\">  Read More<\/span><\/a><\/p>\n","protected":false},"author":55,"featured_media":0,"parent":0,"menu_order":0,"comment_status":"closed","ping_status":"closed","template":"","meta":[],"_links":{"self":[{"href":"https:\/\/archiwumnauki.pan.pl\/index.php?rest_route=\/wp\/v2\/pages\/1333"}],"collection":[{"href":"https:\/\/archiwumnauki.pan.pl\/index.php?rest_route=\/wp\/v2\/pages"}],"about":[{"href":"https:\/\/archiwumnauki.pan.pl\/index.php?rest_route=\/wp\/v2\/types\/page"}],"author":[{"embeddable":true,"href":"https:\/\/archiwumnauki.pan.pl\/index.php?rest_route=\/wp\/v2\/users\/55"}],"replies":[{"embeddable":true,"href":"https:\/\/archiwumnauki.pan.pl\/index.php?rest_route=%2Fwp%2Fv2%2Fcomments&post=1333"}],"version-history":[{"count":1,"href":"https:\/\/archiwumnauki.pan.pl\/index.php?rest_route=\/wp\/v2\/pages\/1333\/revisions"}],"predecessor-version":[{"id":1337,"href":"https:\/\/archiwumnauki.pan.pl\/index.php?rest_route=\/wp\/v2\/pages\/1333\/revisions\/1337"}],"wp:attachment":[{"href":"https:\/\/archiwumnauki.pan.pl\/index.php?rest_route=%2Fwp%2Fv2%2Fmedia&parent=1333"}],"curies":[{"name":"wp","href":"https:\/\/api.w.org\/{rel}","templated":true}]}}