{"id":1300,"date":"2019-04-30T19:40:51","date_gmt":"2019-04-30T17:40:51","guid":{"rendered":"http:\/\/archiwumnauki.pan.pl\/?page_id=1300"},"modified":"2021-02-02T12:47:03","modified_gmt":"2021-02-02T11:47:03","slug":"co-kryja-archiwa-osobiste-uczonych-i-tworcow-wystawa-2012-06-22-2012-10-12","status":"publish","type":"page","link":"https:\/\/archiwumnauki.pan.pl\/?page_id=1300","title":{"rendered":"Ocalone od niepami\u0119ci&#8230; Co kryj\u0105 archiwa osobiste uczonych i tw\u00f3rc\u00f3w ?, (wystawa: 2012-06-22 &#8211; 2012-10-12)"},"content":{"rendered":"<div style=\"text-align: justify;\"><strong>Wystawy okoliczno\u015bciowe<\/strong><\/div>\n<div style=\"text-align: justify;\"><strong>Ocalone od niepami\u0119ci&#8230; Co kryj\u0105 archiwa osobiste uczonych i tw\u00f3rc\u00f3w ?<\/strong><\/div>\n<div style=\"text-align: justify;\"><strong>Wystawa by\u0142a prezentowana w dniach 22 VI 2012 &#8211; 12 X 2012<\/strong><\/div>\n<div class=\"floatleft\" style=\"text-align: justify;\"><img decoding=\"async\" loading=\"lazy\" class=\"size-medium wp-image-1301 alignleft\" src=\"https:\/\/archiwumnauki.pan.pl\/wp-content\/uploads\/2019\/04\/plakatkonfer-212x300.jpg\" alt=\"\" width=\"212\" height=\"300\" srcset=\"https:\/\/archiwumnauki.pan.pl\/wp-content\/uploads\/2019\/04\/plakatkonfer-212x300.jpg 212w, https:\/\/archiwumnauki.pan.pl\/wp-content\/uploads\/2019\/04\/plakatkonfer-191x270.jpg 191w, https:\/\/archiwumnauki.pan.pl\/wp-content\/uploads\/2019\/04\/plakatkonfer.jpg 353w\" sizes=\"(max-width: 212px) 100vw, 212px\" \/><\/div>\n<p style=\"text-align: justify;\">Serdecznie zapraszamy na wystaw\u0119 pt:<em>Ocalone od niepami\u0119ci&#8230;\u00a0<\/em> <em>Co kryj\u0105 archiwa osobiste uczonych i tw\u00f3rc\u00f3w?\u00a0<\/em>Wystwa czynna b\u0119dzie od poniedzia\u0142ku do piatku w godz. 10.00 &#8211; 15.00 w sali wystawowej przy ul. \u015bw. Jana 26.<\/p>\n","protected":false},"excerpt":{"rendered":"<p>Wystawy okoliczno\u015bciowe Ocalone od niepami\u0119ci&#8230; Co kryj\u0105 archiwa osobiste uczonych i tw\u00f3rc\u00f3w ? Wystawa by\u0142a prezentowana w dniach 22 VI 2012 &#8211; 12 X 2012 Serdecznie zapraszamy na wystaw\u0119 pt:Ocalone od niepami\u0119ci&#8230;\u00a0 Co kryj\u0105 archiwa osobiste uczonych i tw\u00f3rc\u00f3w?\u00a0Wystwa czynna b\u0119dzie od poniedzia\u0142ku do piatku w godz. 10.00 &#8211; 15.00 w sali wystawowej przy ul. &hellip; <\/p>\n<p class=\"read-more\"><a class=\"btn btn-default\" href=\"https:\/\/archiwumnauki.pan.pl\/?page_id=1300\"> Read More<span class=\"screen-reader-text\">  Read More<\/span><\/a><\/p>\n","protected":false},"author":55,"featured_media":0,"parent":0,"menu_order":0,"comment_status":"closed","ping_status":"closed","template":"","meta":[],"_links":{"self":[{"href":"https:\/\/archiwumnauki.pan.pl\/index.php?rest_route=\/wp\/v2\/pages\/1300"}],"collection":[{"href":"https:\/\/archiwumnauki.pan.pl\/index.php?rest_route=\/wp\/v2\/pages"}],"about":[{"href":"https:\/\/archiwumnauki.pan.pl\/index.php?rest_route=\/wp\/v2\/types\/page"}],"author":[{"embeddable":true,"href":"https:\/\/archiwumnauki.pan.pl\/index.php?rest_route=\/wp\/v2\/users\/55"}],"replies":[{"embeddable":true,"href":"https:\/\/archiwumnauki.pan.pl\/index.php?rest_route=%2Fwp%2Fv2%2Fcomments&post=1300"}],"version-history":[{"count":3,"href":"https:\/\/archiwumnauki.pan.pl\/index.php?rest_route=\/wp\/v2\/pages\/1300\/revisions"}],"predecessor-version":[{"id":2724,"href":"https:\/\/archiwumnauki.pan.pl\/index.php?rest_route=\/wp\/v2\/pages\/1300\/revisions\/2724"}],"wp:attachment":[{"href":"https:\/\/archiwumnauki.pan.pl\/index.php?rest_route=%2Fwp%2Fv2%2Fmedia&parent=1300"}],"curies":[{"name":"wp","href":"https:\/\/api.w.org\/{rel}","templated":true}]}}