{"id":1276,"date":"2019-04-30T19:19:34","date_gmt":"2019-04-30T17:19:34","guid":{"rendered":"http:\/\/archiwumnauki.pan.pl\/?page_id=1276"},"modified":"2021-02-02T12:35:40","modified_gmt":"2021-02-02T11:35:40","slug":"z-przeszlosci-komisji-fizjograficznej-wystawa-2005-11-18-2005-11-18","status":"publish","type":"page","link":"https:\/\/archiwumnauki.pan.pl\/?page_id=1276","title":{"rendered":"&#8222;Z przesz\u0142o\u015bci Komisji Fizjograficznej&#8230;&#8221;, ekspozycja towarzysz\u0105ca posiedzeniu naukowemu z okazji 140-lecia Komisji Fizjograficznej, (wystawa: 2005-11-18 &#8211; 2005-11-18)"},"content":{"rendered":"<div style=\"text-align: justify;\"><strong>Wystawy okoliczno\u015bciowe<\/strong><\/div>\n<div style=\"text-align: justify;\"><strong>&#8222;Z przesz\u0142o\u015bci Komisji Fizjograficznej&#8230;&#8221;, ekspozycja towarzysz\u0105ca posiedzeniu naukowemu z okazji 140-lecia Komisji Fizjograficznej,<br \/>\n<\/strong><\/div>\n<div style=\"text-align: justify;\"><strong>Wystawa by\u0142a prezentowana w dniu 18 XI 2005<\/strong><\/div>\n<p style=\"text-align: justify;\">Wystawa towarzyszy\u0142a posiedzeniu naukowemu PAU z okazji 140 rocznicy powo\u0142ania Komisji Fizjograficznej TNK, kt\u00f3re odby\u0142o si\u0119 18.XI.2005.<\/p>\n","protected":false},"excerpt":{"rendered":"<p>Wystawy okoliczno\u015bciowe &#8222;Z przesz\u0142o\u015bci Komisji Fizjograficznej&#8230;&#8221;, ekspozycja towarzysz\u0105ca posiedzeniu naukowemu z okazji 140-lecia Komisji Fizjograficznej, Wystawa by\u0142a prezentowana w dniu 18 XI 2005 Wystawa towarzyszy\u0142a posiedzeniu naukowemu PAU z okazji 140 rocznicy powo\u0142ania Komisji Fizjograficznej TNK, kt\u00f3re odby\u0142o si\u0119 18.XI.2005.<\/p>\n","protected":false},"author":55,"featured_media":0,"parent":0,"menu_order":0,"comment_status":"closed","ping_status":"closed","template":"","meta":[],"_links":{"self":[{"href":"https:\/\/archiwumnauki.pan.pl\/index.php?rest_route=\/wp\/v2\/pages\/1276"}],"collection":[{"href":"https:\/\/archiwumnauki.pan.pl\/index.php?rest_route=\/wp\/v2\/pages"}],"about":[{"href":"https:\/\/archiwumnauki.pan.pl\/index.php?rest_route=\/wp\/v2\/types\/page"}],"author":[{"embeddable":true,"href":"https:\/\/archiwumnauki.pan.pl\/index.php?rest_route=\/wp\/v2\/users\/55"}],"replies":[{"embeddable":true,"href":"https:\/\/archiwumnauki.pan.pl\/index.php?rest_route=%2Fwp%2Fv2%2Fcomments&post=1276"}],"version-history":[{"count":3,"href":"https:\/\/archiwumnauki.pan.pl\/index.php?rest_route=\/wp\/v2\/pages\/1276\/revisions"}],"predecessor-version":[{"id":2720,"href":"https:\/\/archiwumnauki.pan.pl\/index.php?rest_route=\/wp\/v2\/pages\/1276\/revisions\/2720"}],"wp:attachment":[{"href":"https:\/\/archiwumnauki.pan.pl\/index.php?rest_route=%2Fwp%2Fv2%2Fmedia&parent=1276"}],"curies":[{"name":"wp","href":"https:\/\/api.w.org\/{rel}","templated":true}]}}