{"id":1238,"date":"2019-04-30T18:48:42","date_gmt":"2019-04-30T16:48:42","guid":{"rendered":"http:\/\/archiwumnauki.pan.pl\/?page_id=1238"},"modified":"2019-04-30T18:48:42","modified_gmt":"2019-04-30T16:48:42","slug":"na-szlakach-zycia-i-nauki-andrzej-pelczar-1937-2010-wystawa-2011-06-17-2011-10-21","status":"publish","type":"page","link":"https:\/\/archiwumnauki.pan.pl\/?page_id=1238","title":{"rendered":"Na szlakach \u017cycia i nauki Andrzej Pelczar (1937-2010), (wystawa: 2011-06-17 &#8211; 2011-10-21)"},"content":{"rendered":"<div><strong>W s\u0142u\u017cbie Nauki&#8230;<\/strong><\/div>\n<div><strong>Na szlakach \u017cycia i nauki Andrzej Pelczar (1937-2010)<\/strong><\/div>\n<div><strong>Wystawa by\u0142a prezentowana w dniach 17 VI 2011 &#8211; 21 X 2011<\/strong><\/div>\n<p><img decoding=\"async\" loading=\"lazy\" class=\"size-full wp-image-1241 alignleft\" src=\"https:\/\/archiwumnauki.pan.pl\/wp-content\/uploads\/2019\/04\/pelczar1.2.jpg\" alt=\"\" width=\"206\" height=\"280\" srcset=\"https:\/\/archiwumnauki.pan.pl\/wp-content\/uploads\/2019\/04\/pelczar1.2.jpg 206w, https:\/\/archiwumnauki.pan.pl\/wp-content\/uploads\/2019\/04\/pelczar1.2-199x270.jpg 199w\" sizes=\"(max-width: 206px) 100vw, 206px\" \/><\/p>\n<p>Wystawa po\u015bwi\u0119cona wybitnemu matematykowi Andrzejowi Pelczarowi, profesorowi i rektorowi Uniwersytetu Jagiello\u0144skiego, dyrektorowi Instytutu Matematyki. Profesor Pelczar by\u0142 cz\u0142onkiem Polskiej Akademii Umiej\u0119tno\u015bci, Polskiego Towarzystwa Matematycznego oraz European Mathematical Society (w latach 1997-2000 pe\u0142ni\u0142 funkcj\u0119 wiceprezesa). Specjalizowa\u0142 si\u0119 w zakresie analizy matematycznej, uk\u0142ad\u00f3w dynamicznych i r\u00f3wna\u0144 r\u00f3\u017cniczkowych.<\/p>\n<p class=\"clearfloat\">\n<p>&nbsp;<\/p>\n<p>&nbsp;<\/p>\n<p>Powi\u0105zane materia\u0142y:<\/p>\n<ol>\n<li><a href=\"https:\/\/archiwumnauki.pan.pl\/wp-content\/uploads\/2019\/04\/pelcz_zapr.pdf\">Zaproszenie na wystaw\u0119<\/a><\/li>\n<\/ol>\n<p>&nbsp;<\/p>\n<p><img decoding=\"async\" loading=\"lazy\" class=\"alignnone size-medium wp-image-1239\" src=\"https:\/\/archiwumnauki.pan.pl\/wp-content\/uploads\/2019\/04\/pelczar--212x300.jpg\" alt=\"\" width=\"212\" height=\"300\" srcset=\"https:\/\/archiwumnauki.pan.pl\/wp-content\/uploads\/2019\/04\/pelczar--212x300.jpg 212w, https:\/\/archiwumnauki.pan.pl\/wp-content\/uploads\/2019\/04\/pelczar--191x270.jpg 191w, https:\/\/archiwumnauki.pan.pl\/wp-content\/uploads\/2019\/04\/pelczar-.jpg 353w\" sizes=\"(max-width: 212px) 100vw, 212px\" \/><br \/>\n<span class=\"note\">Plakat wystawy<\/span><\/p>\n<p>&nbsp;<\/p>\n<p>&nbsp;<\/p>\n","protected":false},"excerpt":{"rendered":"<p>W s\u0142u\u017cbie Nauki&#8230; Na szlakach \u017cycia i nauki Andrzej Pelczar (1937-2010) Wystawa by\u0142a prezentowana w dniach 17 VI 2011 &#8211; 21 X 2011 Wystawa po\u015bwi\u0119cona wybitnemu matematykowi Andrzejowi Pelczarowi, profesorowi i rektorowi Uniwersytetu Jagiello\u0144skiego, dyrektorowi Instytutu Matematyki. Profesor Pelczar by\u0142 cz\u0142onkiem Polskiej Akademii Umiej\u0119tno\u015bci, Polskiego Towarzystwa Matematycznego oraz European Mathematical Society (w latach 1997-2000 pe\u0142ni\u0142 &hellip; <\/p>\n<p class=\"read-more\"><a class=\"btn btn-default\" href=\"https:\/\/archiwumnauki.pan.pl\/?page_id=1238\"> Read More<span class=\"screen-reader-text\">  Read More<\/span><\/a><\/p>\n","protected":false},"author":55,"featured_media":0,"parent":0,"menu_order":0,"comment_status":"closed","ping_status":"closed","template":"","meta":[],"_links":{"self":[{"href":"https:\/\/archiwumnauki.pan.pl\/index.php?rest_route=\/wp\/v2\/pages\/1238"}],"collection":[{"href":"https:\/\/archiwumnauki.pan.pl\/index.php?rest_route=\/wp\/v2\/pages"}],"about":[{"href":"https:\/\/archiwumnauki.pan.pl\/index.php?rest_route=\/wp\/v2\/types\/page"}],"author":[{"embeddable":true,"href":"https:\/\/archiwumnauki.pan.pl\/index.php?rest_route=\/wp\/v2\/users\/55"}],"replies":[{"embeddable":true,"href":"https:\/\/archiwumnauki.pan.pl\/index.php?rest_route=%2Fwp%2Fv2%2Fcomments&post=1238"}],"version-history":[{"count":1,"href":"https:\/\/archiwumnauki.pan.pl\/index.php?rest_route=\/wp\/v2\/pages\/1238\/revisions"}],"predecessor-version":[{"id":1242,"href":"https:\/\/archiwumnauki.pan.pl\/index.php?rest_route=\/wp\/v2\/pages\/1238\/revisions\/1242"}],"wp:attachment":[{"href":"https:\/\/archiwumnauki.pan.pl\/index.php?rest_route=%2Fwp%2Fv2%2Fmedia&parent=1238"}],"curies":[{"name":"wp","href":"https:\/\/api.w.org\/{rel}","templated":true}]}}