{"id":1209,"date":"2019-04-30T18:26:23","date_gmt":"2019-04-30T16:26:23","guid":{"rendered":"http:\/\/archiwumnauki.pan.pl\/?page_id=1209"},"modified":"2020-05-11T14:38:05","modified_gmt":"2020-05-11T12:38:05","slug":"akademii-naszej-oddany-byl-cala-dusza-stanislaw-wroblewski-1868-1938-wystawa-2008-11-21-2009-01-31","status":"publish","type":"page","link":"https:\/\/archiwumnauki.pan.pl\/?page_id=1209","title":{"rendered":"&#8222;Akademii naszej oddany by\u0142 ca\u0142\u0105 dusz\u0105&#8221; Stanis\u0142aw Wr\u00f3blewski (1868-1938), (wystawa: 2008-11-21 &#8211; 2009-01-31)"},"content":{"rendered":"<div style=\"text-align: justify;\"><strong>W s\u0142u\u017cbie Nauki&#8230;<\/strong><\/div>\n<div style=\"text-align: justify;\"><strong>&#8222;Akademii naszej oddany by\u0142 ca\u0142\u0105 dusz\u0105&#8221; Stanis\u0142aw Wr\u00f3blewski (1868-1938)<\/strong><\/div>\n<div style=\"text-align: justify;\"><strong>Wystawa by\u0142a prezentowana w dniach 21 XI 2008 &#8211; 31 I 2009, codziennie w godz. 10:00 &#8211; 15:00<\/strong><\/div>\n<p style=\"text-align: justify;\"><img decoding=\"async\" loading=\"lazy\" class=\"size-medium wp-image-1212 alignleft\" src=\"https:\/\/archiwumnauki.pan.pl\/wp-content\/uploads\/2019\/04\/wroblewski-1.jpg\" alt=\"\" width=\"182\" height=\"250\" \/>Zapraszamy na prezentowan\u0105 w Archiwum Nauki wystaw\u0119 po\u015bwi\u0119con\u0105 Stanis\u0142awowi Wr\u00f3blewskiemu, a przede wszystkim jego dzia\u0142alno\u015bci w Akademii Umiej\u0119tno\u015bci i Polskiej Akademii Umiej\u0119tno\u015bci. Ten wybitny prawnik, romanista, cywilista, cz\u0142onek Komisji Kodyfikacyjnej II RP by\u0142 sekretarzem generalnym (1922-1926), wiceprezesem (1929-1934) oraz prezesem (1934-1938) Polskiej Akademii Umiej\u0119tno\u015bci. Z ramienia Akademii nale\u017ca\u0142 m.in. do grona tw\u00f3rc\u00f3w Rady Nauk \u015acis\u0142ych i Stosowanych, kt\u00f3ra w latach trzydziestych XX wieku mia\u0142a na celu koordynacj\u0119 wsp\u00f3\u0142pracy polskich towarzystw naukowych. Otwarcie wystawy po\u0142\u0105czone zosta\u0142o z posiedzeniem naukowym zorganizowanym w 14o. rocznic\u0119 urodzin i 70 rocznic\u0119 \u015bmierci Stanis\u0142awa Wr\u00f3blewskiego.<\/p>\n<p style=\"text-align: justify;\">\n<p style=\"text-align: justify;\">\n<p style=\"text-align: justify;\">Powi\u0105zane materia\u0142y:<\/p>\n<ol style=\"text-align: justify;\">\n<li><a href=\"https:\/\/archiwumnauki.pan.pl\/wp-content\/uploads\/2019\/04\/zaproszenie_wroblewski.pdf\">Zaproszenie na wystaw\u0119<\/a><\/li>\n<\/ol>\n<p style=\"text-align: justify;\">\n<p style=\"text-align: justify;\"><img decoding=\"async\" loading=\"lazy\" class=\"alignnone size-medium wp-image-1210\" src=\"https:\/\/archiwumnauki.pan.pl\/wp-content\/uploads\/2019\/04\/wroblewski_plakat-204x300.jpg\" alt=\"\" width=\"204\" height=\"300\" srcset=\"https:\/\/archiwumnauki.pan.pl\/wp-content\/uploads\/2019\/04\/wroblewski_plakat-204x300.jpg 204w, https:\/\/archiwumnauki.pan.pl\/wp-content\/uploads\/2019\/04\/wroblewski_plakat-184x270.jpg 184w, https:\/\/archiwumnauki.pan.pl\/wp-content\/uploads\/2019\/04\/wroblewski_plakat.jpg 340w\" sizes=\"(max-width: 204px) 100vw, 204px\" \/><br \/>\n<span class=\"note\">Plakat wystawy<\/span><\/p>\n<p style=\"text-align: justify;\">\n<p style=\"text-align: justify;\">\n","protected":false},"excerpt":{"rendered":"<p>W s\u0142u\u017cbie Nauki&#8230; &#8222;Akademii naszej oddany by\u0142 ca\u0142\u0105 dusz\u0105&#8221; Stanis\u0142aw Wr\u00f3blewski (1868-1938) Wystawa by\u0142a prezentowana w dniach 21 XI 2008 &#8211; 31 I 2009, codziennie w godz. 10:00 &#8211; 15:00 Zapraszamy na prezentowan\u0105 w Archiwum Nauki wystaw\u0119 po\u015bwi\u0119con\u0105 Stanis\u0142awowi Wr\u00f3blewskiemu, a przede wszystkim jego dzia\u0142alno\u015bci w Akademii Umiej\u0119tno\u015bci i Polskiej Akademii Umiej\u0119tno\u015bci. Ten wybitny prawnik, &hellip; <\/p>\n<p class=\"read-more\"><a class=\"btn btn-default\" href=\"https:\/\/archiwumnauki.pan.pl\/?page_id=1209\"> Read More<span class=\"screen-reader-text\">  Read More<\/span><\/a><\/p>\n","protected":false},"author":55,"featured_media":0,"parent":0,"menu_order":0,"comment_status":"closed","ping_status":"closed","template":"","meta":[],"_links":{"self":[{"href":"https:\/\/archiwumnauki.pan.pl\/index.php?rest_route=\/wp\/v2\/pages\/1209"}],"collection":[{"href":"https:\/\/archiwumnauki.pan.pl\/index.php?rest_route=\/wp\/v2\/pages"}],"about":[{"href":"https:\/\/archiwumnauki.pan.pl\/index.php?rest_route=\/wp\/v2\/types\/page"}],"author":[{"embeddable":true,"href":"https:\/\/archiwumnauki.pan.pl\/index.php?rest_route=\/wp\/v2\/users\/55"}],"replies":[{"embeddable":true,"href":"https:\/\/archiwumnauki.pan.pl\/index.php?rest_route=%2Fwp%2Fv2%2Fcomments&post=1209"}],"version-history":[{"count":3,"href":"https:\/\/archiwumnauki.pan.pl\/index.php?rest_route=\/wp\/v2\/pages\/1209\/revisions"}],"predecessor-version":[{"id":2437,"href":"https:\/\/archiwumnauki.pan.pl\/index.php?rest_route=\/wp\/v2\/pages\/1209\/revisions\/2437"}],"wp:attachment":[{"href":"https:\/\/archiwumnauki.pan.pl\/index.php?rest_route=%2Fwp%2Fv2%2Fmedia&parent=1209"}],"curies":[{"name":"wp","href":"https:\/\/api.w.org\/{rel}","templated":true}]}}