{"id":1187,"date":"2019-04-30T18:09:59","date_gmt":"2019-04-30T16:09:59","guid":{"rendered":"http:\/\/archiwumnauki.pan.pl\/?page_id=1187"},"modified":"2021-02-02T12:18:53","modified_gmt":"2021-02-02T11:18:53","slug":"tadeusz-banachiewicz-1882-1954-w-50-rocznice-smierci-wystawa-2004-10-29-2004-10-29","status":"publish","type":"page","link":"https:\/\/archiwumnauki.pan.pl\/?page_id=1187","title":{"rendered":"Tadeusz Banachiewicz (1882-1954). W 50. rocznic\u0119 \u015bmierci, (wystawa: 2004-10-29 &#8211; 2004-10-29)"},"content":{"rendered":"<div><strong><em>W s\u0142u\u017cbie Nauki&#8230;<\/em><\/strong><\/div>\n<div><strong>Tadeusz Banachiewicz (1882-1954). W 50. rocznic\u0119 \u015bmierci<\/strong><\/div>\n<div><strong>Wystawa by\u0142a prezentowana w dniu 29 X 2004<\/strong><\/div>\n<p>Wystawa towarzyszy\u0142a posiedzeniu naukowemu PAU i dotyczy\u0142a zwi\u0105zk\u00f3w uczonego z Akademi\u0105.<\/p>\n","protected":false},"excerpt":{"rendered":"<p>W s\u0142u\u017cbie Nauki&#8230; Tadeusz Banachiewicz (1882-1954). W 50. rocznic\u0119 \u015bmierci Wystawa by\u0142a prezentowana w dniu 29 X 2004 Wystawa towarzyszy\u0142a posiedzeniu naukowemu PAU i dotyczy\u0142a zwi\u0105zk\u00f3w uczonego z Akademi\u0105.<\/p>\n","protected":false},"author":55,"featured_media":0,"parent":0,"menu_order":0,"comment_status":"closed","ping_status":"closed","template":"","meta":[],"_links":{"self":[{"href":"https:\/\/archiwumnauki.pan.pl\/index.php?rest_route=\/wp\/v2\/pages\/1187"}],"collection":[{"href":"https:\/\/archiwumnauki.pan.pl\/index.php?rest_route=\/wp\/v2\/pages"}],"about":[{"href":"https:\/\/archiwumnauki.pan.pl\/index.php?rest_route=\/wp\/v2\/types\/page"}],"author":[{"embeddable":true,"href":"https:\/\/archiwumnauki.pan.pl\/index.php?rest_route=\/wp\/v2\/users\/55"}],"replies":[{"embeddable":true,"href":"https:\/\/archiwumnauki.pan.pl\/index.php?rest_route=%2Fwp%2Fv2%2Fcomments&post=1187"}],"version-history":[{"count":2,"href":"https:\/\/archiwumnauki.pan.pl\/index.php?rest_route=\/wp\/v2\/pages\/1187\/revisions"}],"predecessor-version":[{"id":2706,"href":"https:\/\/archiwumnauki.pan.pl\/index.php?rest_route=\/wp\/v2\/pages\/1187\/revisions\/2706"}],"wp:attachment":[{"href":"https:\/\/archiwumnauki.pan.pl\/index.php?rest_route=%2Fwp%2Fv2%2Fmedia&parent=1187"}],"curies":[{"name":"wp","href":"https:\/\/api.w.org\/{rel}","templated":true}]}}